CRAN Package Check Results for Package ADPclust

Last updated on 2022-10-05 05:56:56 CEST.

Flavor Version Tinstall Tcheck Ttotal Status Flags
r-devel-linux-x86_64-debian-clang 0.7 3.36 68.42 71.78 OK
r-devel-linux-x86_64-debian-gcc 0.7 2.87 48.38 51.25 OK
r-devel-linux-x86_64-fedora-clang 0.7 106.57 NOTE
r-devel-linux-x86_64-fedora-gcc 0.7 94.08 NOTE
r-devel-windows-x86_64 0.7 31.00 104.00 135.00 OK
r-patched-linux-x86_64 0.7 2.63 64.31 66.94 OK
r-release-linux-x86_64 0.7 3.41 65.81 69.22 OK
r-release-macos-arm64 0.7 29.00 NOTE
r-release-macos-x86_64 0.7 48.00 NOTE
r-release-windows-x86_64 0.7 19.00 99.00 118.00 OK
r-oldrel-macos-arm64 0.7 37.00 NOTE
r-oldrel-macos-x86_64 0.7 41.00 NOTE
r-oldrel-windows-ix86+x86_64 0.7 9.00 109.00 118.00 OK

Check Details

Version: 0.7
Check: dependencies in R code
Result: NOTE
    Namespaces in Imports field not imported from:
     ‘fields’ ‘knitr’
     All declared Imports should be used.
Flavors: r-devel-linux-x86_64-fedora-clang, r-devel-linux-x86_64-fedora-gcc, r-release-macos-arm64, r-release-macos-x86_64, r-oldrel-macos-arm64, r-oldrel-macos-x86_64