CRAN Package Check Results for Package AGPRIS

Last updated on 2022-10-04 02:54:34 CEST.

Flavor Version Tinstall Tcheck Ttotal Status Flags
r-devel-linux-x86_64-debian-clang 1.0 5.12 35.00 40.12 NOTE
r-devel-linux-x86_64-debian-gcc 1.0 3.92 27.78 31.70 NOTE
r-devel-linux-x86_64-fedora-clang 1.0 61.02 NOTE
r-devel-linux-x86_64-fedora-gcc 1.0 65.33 NOTE
r-devel-windows-x86_64 1.0 17.00 83.00 100.00 NOTE
r-patched-linux-x86_64 1.0 4.58 34.04 38.62 NOTE
r-release-linux-x86_64 1.0 4.12 36.36 40.48 NOTE
r-release-macos-arm64 1.0 22.00 NOTE
r-release-macos-x86_64 1.0 31.00 NOTE
r-release-windows-x86_64 1.0 16.00 73.00 89.00 NOTE
r-oldrel-macos-arm64 1.0 25.00 NOTE
r-oldrel-macos-x86_64 1.0 35.00 NOTE
r-oldrel-windows-ix86+x86_64 1.0 10.00 77.00 87.00 OK

Check Details

Version: 1.0
Check: package dependencies
Result: NOTE
    Package suggested but not available for checking: 'INLA'
Flavors: r-devel-linux-x86_64-debian-clang, r-devel-linux-x86_64-debian-gcc, r-devel-windows-x86_64, r-patched-linux-x86_64, r-release-linux-x86_64, r-release-macos-arm64, r-release-macos-x86_64, r-release-windows-x86_64, r-oldrel-macos-arm64, r-oldrel-macos-x86_64

Version: 1.0
Check: dependencies in R code
Result: NOTE
    Namespace in Imports field not imported from: ‘rgdal’
     All declared Imports should be used.
Flavors: r-devel-linux-x86_64-fedora-clang, r-devel-linux-x86_64-fedora-gcc, r-release-macos-arm64, r-release-macos-x86_64, r-oldrel-macos-arm64, r-oldrel-macos-x86_64