CRAN Package Check Results for Package AntAngioCOOL

Last updated on 2022-12-07 02:51:40 CET.

Flavor Version Tinstall Tcheck Ttotal Status Flags
r-devel-linux-x86_64-debian-clang 1.2 63.64 257.88 321.52 OK
r-devel-linux-x86_64-debian-gcc 1.2 53.75 190.47 244.22 OK
r-devel-linux-x86_64-fedora-clang 1.2 438.44 NOTE
r-devel-linux-x86_64-fedora-gcc 1.2 430.02 OK
r-devel-windows-x86_64 1.2 70.00 239.00 309.00 NOTE
r-patched-linux-x86_64 1.2 45.45 250.77 296.22 OK
r-release-linux-x86_64 1.2 52.00 247.80 299.80 OK
r-release-macos-arm64 1.2 103.00 NOTE
r-release-macos-x86_64 1.2 227.00 NOTE
r-release-windows-x86_64 1.2 68.00 244.00 312.00 NOTE
r-oldrel-macos-arm64 1.2 139.00 NOTE
r-oldrel-macos-x86_64 1.2 244.00 NOTE
r-oldrel-windows-ix86+x86_64 1.2 133.00 254.00 387.00 NOTE

Check Details

Version: 1.2
Check: installed package size
Result: NOTE
     installed size is 35.4Mb
     sub-directories of 1Mb or more:
     R 35.3Mb
Flavors: r-devel-linux-x86_64-fedora-clang, r-devel-windows-x86_64, r-release-macos-arm64, r-release-macos-x86_64, r-release-windows-x86_64, r-oldrel-macos-arm64, r-oldrel-macos-x86_64, r-oldrel-windows-ix86+x86_64