CRAN Package Check Results for Package AssetCorr

Last updated on 2022-11-28 01:51:28 CET.

Flavor Version Tinstall Tcheck Ttotal Status Flags
r-devel-linux-x86_64-debian-clang 1.0.4 13.80 97.90 111.70 OK
r-devel-linux-x86_64-debian-gcc 1.0.4 9.06 71.64 80.70 OK
r-devel-linux-x86_64-fedora-clang 1.0.4 150.72 NOTE
r-devel-linux-x86_64-fedora-gcc 1.0.4 390.13 NOTE
r-devel-windows-x86_64 1.0.4 32.00 374.00 406.00 OK
r-patched-linux-x86_64 1.0.4 14.56 90.75 105.31 OK
r-release-linux-x86_64 1.0.4 11.55 276.87 288.42 OK
r-release-macos-arm64 1.0.4 92.00 NOTE
r-release-macos-x86_64 1.0.4 125.00 NOTE
r-release-windows-x86_64 1.0.4 22.00 350.00 372.00 OK
r-oldrel-macos-arm64 1.0.4 141.00 NOTE
r-oldrel-macos-x86_64 1.0.4 201.00 NOTE
r-oldrel-windows-ix86+x86_64 1.0.4 24.00 131.00 155.00 OK

Check Details

Version: 1.0.4
Check: dependencies in R code
Result: NOTE
    Namespace in Imports field not imported from: ‘knitr’
     All declared Imports should be used.
Flavors: r-devel-linux-x86_64-fedora-clang, r-devel-linux-x86_64-fedora-gcc, r-release-macos-arm64, r-release-macos-x86_64, r-oldrel-macos-arm64, r-oldrel-macos-x86_64