CRAN Package Check Results for Package AzureGraph

Last updated on 2022-12-04 02:49:11 CET.

Flavor Version Tinstall Tcheck Ttotal Status Flags
r-devel-linux-x86_64-debian-clang 1.3.2 11.23 40.12 51.35 OK
r-devel-linux-x86_64-debian-gcc 1.3.2 8.20 30.60 38.80 OK
r-devel-linux-x86_64-fedora-clang 1.3.2 79.02 NOTE
r-devel-linux-x86_64-fedora-gcc 1.3.2 78.09 NOTE
r-devel-windows-x86_64 1.3.2 34.00 74.00 108.00 OK
r-patched-linux-x86_64 1.3.2 13.42 37.85 51.27 OK
r-release-linux-x86_64 1.3.2 9.65 34.82 44.47 OK
r-release-macos-arm64 1.3.2 22.00 NOTE
r-release-macos-x86_64 1.3.2 32.00 NOTE
r-release-windows-x86_64 1.3.2 32.00 76.00 108.00 OK
r-oldrel-macos-arm64 1.3.2 32.00 NOTE
r-oldrel-macos-x86_64 1.3.2 34.00 NOTE
r-oldrel-windows-ix86+x86_64 1.3.2 19.00 59.00 78.00 OK

Check Details

Version: 1.3.2
Check: dependencies in R code
Result: NOTE
    Namespace in Imports field not imported from: ‘curl’
     All declared Imports should be used.
Flavors: r-devel-linux-x86_64-fedora-clang, r-devel-linux-x86_64-fedora-gcc, r-release-macos-arm64, r-release-macos-x86_64, r-oldrel-macos-arm64, r-oldrel-macos-x86_64