CRAN Package Check Results for Package BART

Last updated on 2020-07-08 02:46:44 CEST.

Flavor Version Tinstall Tcheck Ttotal Status Flags
r-devel-linux-x86_64-debian-clang 2.7 188.80 165.05 353.85 OK
r-devel-linux-x86_64-debian-gcc 2.7 131.09 122.90 253.99 OK
r-devel-linux-x86_64-fedora-clang 2.7 471.24 NOTE
r-devel-linux-x86_64-fedora-gcc 2.7 411.17 OK
r-devel-windows-ix86+x86_64 2.7 293.00 193.00 486.00 NOTE
r-patched-linux-x86_64 2.7 132.36 161.51 293.87 OK
r-patched-solaris-x86 2.7 468.30 NOTE
r-release-linux-x86_64 2.7 133.70 160.52 294.22 OK
r-release-osx-x86_64 2.7 NOTE
r-release-windows-ix86+x86_64 2.7 297.00 200.00 497.00 NOTE
r-oldrel-osx-x86_64 2.7 NOTE
r-oldrel-windows-ix86+x86_64 2.7 312.00 274.00 586.00 NOTE

Check Details

Version: 2.7
Check: installed package size
Result: NOTE
     installed size is 11.4Mb
     sub-directories of 1Mb or more:
     data 3.2Mb
     doc 1.1Mb
     libs 5.9Mb
Flavors: r-devel-linux-x86_64-fedora-clang, r-devel-windows-ix86+x86_64, r-patched-solaris-x86, r-release-osx-x86_64, r-release-windows-ix86+x86_64, r-oldrel-osx-x86_64, r-oldrel-windows-ix86+x86_64