CRAN Package Check Results for Package BART

Last updated on 2022-10-07 03:55:47 CEST.

Flavor Version Tinstall Tcheck Ttotal Status Flags
r-devel-linux-x86_64-debian-clang 2.9 166.59 180.94 347.53 OK
r-devel-linux-x86_64-debian-gcc 2.9 120.14 132.53 252.67 WARN
r-devel-linux-x86_64-fedora-clang 2.9 528.22 WARN
r-devel-linux-x86_64-fedora-gcc 2.9 440.35 WARN
r-devel-windows-x86_64 2.9 140.00 237.00 377.00 NOTE
r-patched-linux-x86_64 2.9 131.45 168.45 299.90 OK
r-release-linux-x86_64 2.9 134.15 165.22 299.37 OK
r-release-macos-arm64 2.9 112.00 NOTE
r-release-macos-x86_64 2.9 141.00 NOTE
r-release-windows-x86_64 2.9 253.00 235.00 488.00 NOTE
r-oldrel-macos-arm64 2.9 157.00 NOTE
r-oldrel-macos-x86_64 2.9 210.00 NOTE
r-oldrel-windows-ix86+x86_64 2.9 376.00 234.00 610.00 NOTE

Check Details

Version: 2.9
Check: whether package can be installed
Result: WARN
    Found the following significant warnings:
     init.c:16:1: warning: function declaration isn’t a prototype [-Wstrict-prototypes]
Flavors: r-devel-linux-x86_64-debian-gcc, r-devel-linux-x86_64-fedora-gcc

Version: 2.9
Check: compilation flags used
Result: NOTE
    Compilation used the following non-portable flag(s):
     ‘-Wstrict-prototypes’
Flavor: r-devel-linux-x86_64-debian-gcc

Version: 2.9
Check: whether package can be installed
Result: WARN
    Found the following significant warnings:
     init.c:16:28: warning: a function declaration without a prototype is deprecated in all versions of C [-Wstrict-prototypes]
Flavor: r-devel-linux-x86_64-fedora-clang

Version: 2.9
Check: installed package size
Result: NOTE
     installed size is 5.8Mb
     sub-directories of 1Mb or more:
     data 3.1Mb
     libs 1.2Mb
Flavors: r-devel-windows-x86_64, r-release-macos-arm64, r-release-macos-x86_64, r-release-windows-x86_64, r-oldrel-macos-arm64, r-oldrel-macos-x86_64, r-oldrel-windows-ix86+x86_64