CRAN Package Check Results for Package BVARverse

Last updated on 2020-11-28 02:48:52 CET.

Flavor Version Tinstall Tcheck Ttotal Status Flags
r-devel-linux-x86_64-debian-clang 0.0.1 6.03 46.28 52.31 OK
r-devel-linux-x86_64-debian-gcc 0.0.1 5.44 33.93 39.37 OK
r-devel-linux-x86_64-fedora-clang 0.0.1 66.99 NOTE
r-devel-linux-x86_64-fedora-gcc 0.0.1 57.58 OK
r-devel-windows-ix86+x86_64 0.0.1 12.00 43.00 55.00 OK
r-patched-linux-x86_64 0.0.1 6.34 42.03 48.37 OK
r-patched-solaris-x86 0.0.1 82.40 OK
r-release-linux-x86_64 0.0.1 6.41 42.63 49.04 OK
r-release-macos-x86_64 0.0.1 OK
r-release-windows-ix86+x86_64 0.0.1 12.00 72.00 84.00 OK
r-oldrel-macos-x86_64 0.0.1 OK
r-oldrel-windows-ix86+x86_64 0.0.1 8.00 60.00 68.00 OK

Check Details

Version: 0.0.1
Check: Rd cross-references
Result: NOTE
    Undeclared package ‘tibble’ in Rd xrefs
Flavor: r-devel-linux-x86_64-fedora-clang