Last updated on 2023-03-31 03:52:23 CEST.
Flavor | Version | Tinstall | Tcheck | Ttotal | Status | Flags |
---|---|---|---|---|---|---|
r-devel-linux-x86_64-debian-clang | 1.1.9 | 77.03 | 43.79 | 120.82 | NOTE | |
r-devel-linux-x86_64-debian-gcc | 1.1.9 | 66.35 | 34.74 | 101.09 | NOTE | |
r-devel-linux-x86_64-fedora-clang | 1.1.9 | 165.34 | NOTE | |||
r-devel-linux-x86_64-fedora-gcc | 1.1.9 | 167.88 | NOTE | |||
r-devel-windows-x86_64 | 1.1.9 | 62.00 | 0.00 | 62.00 | NOTE | |
r-patched-linux-x86_64 | 1.1.9 | 72.19 | 45.56 | 117.75 | NOTE | |
r-release-linux-x86_64 | 1.1.9 | 68.41 | 43.84 | 112.25 | NOTE | |
r-release-macos-arm64 | 1.1.9 | 47.00 | NOTE | |||
r-release-macos-x86_64 | 1.1.9 | 56.00 | NOTE | |||
r-release-windows-x86_64 | 1.1.9 | 65.00 | 106.00 | 171.00 | NOTE | |
r-oldrel-macos-arm64 | 1.1.9 | 53.00 | NOTE | |||
r-oldrel-macos-x86_64 | 1.1.9 | 84.00 | NOTE | |||
r-oldrel-windows-ix86+x86_64 | 1.1.9 | 171.00 | 115.00 | 286.00 | NOTE |
Version: 1.1.9
Check: C++ specification
Result: NOTE
Specified C++11: please drop specification unless essential
Flavors: r-devel-linux-x86_64-debian-clang, r-devel-linux-x86_64-debian-gcc, r-devel-linux-x86_64-fedora-clang, r-devel-linux-x86_64-fedora-gcc, r-devel-windows-x86_64, r-patched-linux-x86_64
Version: 1.1.9
Check: LazyData
Result: NOTE
'LazyData' is specified without a 'data' directory
Flavors: r-devel-linux-x86_64-debian-clang, r-devel-linux-x86_64-debian-gcc, r-devel-linux-x86_64-fedora-clang, r-devel-linux-x86_64-fedora-gcc, r-devel-windows-x86_64, r-patched-linux-x86_64, r-release-linux-x86_64, r-release-macos-arm64, r-release-macos-x86_64, r-release-windows-x86_64, r-oldrel-macos-arm64, r-oldrel-macos-x86_64, r-oldrel-windows-ix86+x86_64
Version: 1.1.9
Check: package dependencies
Result: NOTE
Package suggested but not available for checking: ‘doMPI’
Flavors: r-release-macos-arm64, r-release-macos-x86_64, r-oldrel-macos-arm64, r-oldrel-macos-x86_64
Version: 1.1.9
Check: installed package size
Result: NOTE
installed size is 19.3Mb
sub-directories of 1Mb or more:
libs 19.1Mb
Flavors: r-release-macos-arm64, r-release-macos-x86_64, r-oldrel-macos-arm64, r-oldrel-macos-x86_64