Last updated on 2022-08-08 03:54:39 CEST.
Flavor | Version | Tinstall | Tcheck | Ttotal | Status | Flags |
---|---|---|---|---|---|---|
r-devel-linux-x86_64-debian-clang | 1.8.2 | 98.32 | 389.77 | 488.09 | OK | |
r-devel-linux-x86_64-debian-gcc | 1.8.2 | 81.52 | 286.20 | 367.72 | OK | |
r-devel-linux-x86_64-fedora-clang | 1.8.2 | 602.49 | NOTE | |||
r-devel-linux-x86_64-fedora-gcc | 1.8.2 | 596.26 | NOTE | |||
r-devel-windows-x86_64 | 1.8.2 | 191.00 | 475.00 | 666.00 | NOTE | |
r-patched-linux-x86_64 | 1.8.2 | 98.06 | 358.04 | 456.10 | OK | |
r-release-linux-x86_64 | 1.8.2 | OK | ||||
r-release-macos-arm64 | 1.8.2 | 163.00 | NOTE | |||
r-release-macos-x86_64 | 1.8.2 | 210.00 | NOTE | |||
r-release-windows-x86_64 | 1.8.2 | 203.00 | 474.00 | 677.00 | NOTE | |
r-oldrel-macos-arm64 | 1.8.2 | 218.00 | NOTE | |||
r-oldrel-macos-x86_64 | 1.8.2 | 334.00 | NOTE | |||
r-oldrel-windows-ix86+x86_64 | 1.8.2 | 216.00 | 605.00 | 821.00 | NOTE |
Version: 1.8.2
Check: installed package size
Result: NOTE
installed size is 7.5Mb
sub-directories of 1Mb or more:
R 1.2Mb
data 3.3Mb
libs 2.3Mb
Flavors: r-devel-linux-x86_64-fedora-clang, r-devel-windows-x86_64, r-release-macos-arm64, r-release-macos-x86_64, r-release-windows-x86_64, r-oldrel-macos-arm64, r-oldrel-macos-x86_64, r-oldrel-windows-ix86+x86_64
Version: 1.8.2
Check: dependencies in R code
Result: NOTE
Namespace in Imports field not imported from: ‘glpkAPI’
All declared Imports should be used.
Flavors: r-devel-linux-x86_64-fedora-clang, r-devel-linux-x86_64-fedora-gcc, r-release-macos-arm64, r-release-macos-x86_64, r-oldrel-macos-arm64, r-oldrel-macos-x86_64