CRAN Package Check Results for Package BayesFactor

Last updated on 2022-07-01 02:54:11 CEST.

Flavor Version Tinstall Tcheck Ttotal Status Flags
r-devel-linux-x86_64-debian-clang 0.9.12-4.3 259.22 295.60 554.82 WARN
r-devel-linux-x86_64-debian-gcc 0.9.12-4.3 211.19 219.10 430.29 NOTE
r-devel-linux-x86_64-fedora-clang 0.9.12-4.3 810.01 WARN
r-devel-linux-x86_64-fedora-gcc 0.9.12-4.3 707.59 WARN
r-devel-windows-x86_64 0.9.12-4.3 302.00 352.00 654.00 NOTE
r-patched-linux-x86_64 0.9.12-4.3 235.66 275.47 511.13 OK
r-release-linux-x86_64 0.9.12-4.3 224.75 280.30 505.05 OK
r-release-macos-arm64 0.9.12-4.3 164.00 NOTE
r-release-macos-x86_64 0.9.12-4.3 1301.00 NOTE
r-release-windows-x86_64 0.9.12-4.3 412.00 342.00 754.00 NOTE
r-oldrel-macos-arm64 0.9.12-4.3 144.00 NOTE
r-oldrel-macos-x86_64 0.9.12-4.3 227.00 NOTE
r-oldrel-windows-ix86+x86_64 0.9.12-4.3 627.00 415.00 1042.00 NOTE

Additional issues

clang14

Check Details

Version: 0.9.12-4.3
Check: whether package can be installed
Result: WARN
    Found the following significant warnings:
     jzs_Gauss_approx_aov.cpp:51:11: warning: use of bitwise '|' with boolean operands [-Wbitwise-instead-of-logical]
Flavors: r-devel-linux-x86_64-debian-clang, r-devel-linux-x86_64-fedora-clang

Version: 0.9.12-4.3
Check: Rd files
Result: NOTE
    checkRd: (-1) BayesFactor-package.Rd:54: Escaped LaTeX specials: \&
    checkRd: (-1) oneWayAOV.Fstat.Rd:62: Escaped LaTeX specials: \&
    checkRd: (-1) ttestBF.Rd:115: Escaped LaTeX specials: \&
Flavors: r-devel-linux-x86_64-debian-clang, r-devel-linux-x86_64-debian-gcc, r-devel-linux-x86_64-fedora-clang, r-devel-linux-x86_64-fedora-gcc, r-devel-windows-x86_64

Version: 0.9.12-4.3
Check: package dependencies
Result: WARN
    Requires orphaned package: ‘gtools’
Flavors: r-devel-linux-x86_64-fedora-clang, r-devel-linux-x86_64-fedora-gcc

Version: 0.9.12-4.3
Check: installed package size
Result: NOTE
     installed size is 19.4Mb
     sub-directories of 1Mb or more:
     doc 5.5Mb
     libs 12.9Mb
Flavors: r-devel-linux-x86_64-fedora-clang, r-devel-windows-x86_64, r-release-macos-arm64, r-release-macos-x86_64, r-release-windows-x86_64, r-oldrel-macos-arm64, r-oldrel-macos-x86_64, r-oldrel-windows-ix86+x86_64

Version: 0.9.12-4.3
Check: package dependencies
Result: NOTE
    Package suggested but not available for checking: 'doMC'
Flavors: r-devel-windows-x86_64, r-release-windows-x86_64, r-oldrel-windows-ix86+x86_64