Last updated on 2023-02-05 02:50:27 CET.
Flavor | Version | Tinstall | Tcheck | Ttotal | Status | Flags |
---|---|---|---|---|---|---|
r-devel-linux-x86_64-debian-clang | 0.3.2 | 6.47 | 223.04 | 229.51 | OK | |
r-devel-linux-x86_64-debian-gcc | 0.3.2 | 5.10 | 160.00 | 165.10 | OK | |
r-devel-linux-x86_64-fedora-clang | 0.3.2 | 291.11 | NOTE | |||
r-devel-linux-x86_64-fedora-gcc | 0.3.2 | 293.09 | NOTE | |||
r-devel-windows-x86_64 | 0.3.2 | 55.00 | 287.00 | 342.00 | OK | |
r-patched-linux-x86_64 | 0.3.2 | 7.30 | 211.43 | 218.73 | OK | |
r-release-linux-x86_64 | 0.3.2 | 6.61 | 214.73 | 221.34 | OK | |
r-release-macos-arm64 | 0.3.2 | 104.00 | NOTE | |||
r-release-macos-x86_64 | 0.3.2 | 132.00 | NOTE | |||
r-release-windows-x86_64 | 0.3.2 | 57.00 | 286.00 | 343.00 | OK | |
r-oldrel-macos-arm64 | 0.3.2 | 88.00 | NOTE | |||
r-oldrel-macos-x86_64 | 0.3.2 | 130.00 | NOTE | |||
r-oldrel-windows-ix86+x86_64 | 0.3.2 | 15.00 | 287.00 | 302.00 | OK |
Version: 0.3.2
Check: dependencies in R code
Result: NOTE
Namespaces in Imports field not imported from:
‘HDInterval’ ‘MCMCpack’ ‘R2WinBUGS’ ‘R2jags’ ‘carData’ ‘rjags’
All declared Imports should be used.
Flavors: r-devel-linux-x86_64-fedora-clang, r-devel-linux-x86_64-fedora-gcc, r-release-macos-arm64, r-release-macos-x86_64, r-oldrel-macos-arm64, r-oldrel-macos-x86_64