CRAN Package Check Results for Package BayesianTools

Last updated on 2022-10-05 05:56:57 CEST.

Flavor Version Tinstall Tcheck Ttotal Status Flags
r-devel-linux-x86_64-debian-clang 0.1.7 32.61 273.68 306.29 NOTE
r-devel-linux-x86_64-debian-gcc 0.1.7 26.38 194.99 221.37 NOTE
r-devel-linux-x86_64-fedora-clang 0.1.7 416.95 NOTE
r-devel-linux-x86_64-fedora-gcc 0.1.7 379.92 NOTE
r-devel-windows-x86_64 0.1.7 180.00 328.00 508.00 NOTE
r-patched-linux-x86_64 0.1.7 32.22 246.66 278.88 NOTE
r-release-linux-x86_64 0.1.7 25.82 247.22 273.04 NOTE
r-release-macos-arm64 0.1.7 88.00 NOTE
r-release-macos-x86_64 0.1.7 150.00 NOTE
r-release-windows-x86_64 0.1.7 219.00 312.00 531.00 NOTE
r-oldrel-macos-arm64 0.1.7 96.00 NOTE
r-oldrel-macos-x86_64 0.1.7 183.00 NOTE
r-oldrel-windows-ix86+x86_64 0.1.7 77.00 371.00 448.00 NOTE

Additional issues

ATLAS

Check Details

Version: 0.1.7
Check: LazyData
Result: NOTE
     'LazyData' is specified without a 'data' directory
Flavors: r-devel-linux-x86_64-debian-clang, r-devel-linux-x86_64-debian-gcc, r-devel-linux-x86_64-fedora-clang, r-devel-linux-x86_64-fedora-gcc, r-devel-windows-x86_64, r-patched-linux-x86_64, r-release-linux-x86_64, r-release-macos-arm64, r-release-macos-x86_64, r-release-windows-x86_64, r-oldrel-macos-arm64, r-oldrel-macos-x86_64, r-oldrel-windows-ix86+x86_64

Version: 0.1.7
Check: HTML version of manual
Result: NOTE
    Found the following HTML validation problems:
    WAIC.html:55:1: Warning: inserting implicit <p>
    WAIC.html:58:1: Warning: inserting implicit <p>
    WAIC.html:67:1: Warning: inserting implicit <p>
    WAIC.html:54:1: Warning: <center> element removed from HTML5
    WAIC.html:57:1: Warning: <center> element removed from HTML5
    WAIC.html:63:1: Warning: <center> element removed from HTML5
    WAIC.html:65:1: Warning: <center> element removed from HTML5
Flavors: r-devel-linux-x86_64-debian-clang, r-devel-linux-x86_64-debian-gcc, r-devel-linux-x86_64-fedora-clang, r-devel-linux-x86_64-fedora-gcc, r-devel-windows-x86_64