CRAN Package Check Results for Package CatastRo

Last updated on 2022-10-05 05:56:59 CEST.

Flavor Version Tinstall Tcheck Ttotal Status Flags
r-devel-linux-x86_64-debian-clang 0.2.2 2.78 57.30 60.08 OK
r-devel-linux-x86_64-debian-gcc 0.2.2 3.13 42.54 45.67 OK
r-devel-linux-x86_64-fedora-clang 0.2.2 92.06 NOTE
r-devel-linux-x86_64-fedora-gcc 0.2.2 88.57 NOTE
r-devel-windows-x86_64 0.2.2 44.00 91.00 135.00 OK
r-patched-linux-x86_64 0.2.2 5.20 52.28 57.48 OK
r-release-linux-x86_64 0.2.2 4.00 53.17 57.17 OK
r-release-macos-arm64 0.2.2 34.00 NOTE
r-release-macos-x86_64 0.2.2 36.00 NOTE
r-release-windows-x86_64 0.2.2 31.00 86.00 117.00 OK
r-oldrel-macos-arm64 0.2.2 24.00 NOTE
r-oldrel-macos-x86_64 0.2.2 38.00 NOTE
r-oldrel-windows-ix86+x86_64 0.2.2 8.00 80.00 88.00 OK

Check Details

Version: 0.2.2
Check: data for non-ASCII characters
Result: NOTE
     Note: found 3 marked UTF-8 strings
Flavors: r-devel-linux-x86_64-fedora-clang, r-devel-linux-x86_64-fedora-gcc, r-release-macos-arm64, r-release-macos-x86_64, r-oldrel-macos-arm64, r-oldrel-macos-x86_64

Version: 0.2.2
Check: package dependencies
Result: NOTE
    Package suggested but not available for checking: ‘tidyterra’
Flavor: r-release-macos-arm64

Version: 0.2.2
Check: Rd cross-references
Result: NOTE
    Package unavailable to check Rd xrefs: ‘tidyterra’
Flavor: r-release-macos-arm64