CRAN Package Check Results for Package ClustGeo

Last updated on 2022-06-27 02:54:23 CEST.

Flavor Version Tinstall Tcheck Ttotal Status Flags
r-devel-linux-x86_64-debian-clang 2.1 2.91 47.70 50.61 OK
r-devel-linux-x86_64-debian-gcc 2.1 2.33 36.15 38.48 OK
r-devel-linux-x86_64-fedora-clang 2.1 70.15 NOTE
r-devel-linux-x86_64-fedora-gcc 2.1 73.07 NOTE
r-devel-windows-x86_64 2.1 15.00 78.00 93.00 OK
r-patched-linux-x86_64 2.1 2.63 45.33 47.96 OK
r-release-linux-x86_64 2.1 2.58 46.61 49.19 OK
r-release-macos-arm64 2.1 23.00 NOTE
r-release-macos-x86_64 2.1 33.00 NOTE
r-release-windows-x86_64 2.1 16.00 80.00 96.00 OK
r-oldrel-macos-arm64 2.1 24.00 NOTE
r-oldrel-macos-x86_64 2.1 32.00 NOTE
r-oldrel-windows-ix86+x86_64 2.1 6.00 76.00 82.00 OK

Check Details

Version: 2.1
Check: dependencies in R code
Result: NOTE
    Namespaces in Imports field not imported from:
     ‘sp’ ‘spdep’
     All declared Imports should be used.
Flavors: r-devel-linux-x86_64-fedora-clang, r-devel-linux-x86_64-fedora-gcc, r-release-macos-arm64, r-release-macos-x86_64, r-oldrel-macos-arm64, r-oldrel-macos-x86_64