CRAN Package Check Results for Package CryptRndTest

Last updated on 2022-10-04 02:54:37 CEST.

Flavor Version Tinstall Tcheck Ttotal Status Flags
r-devel-linux-x86_64-debian-clang 1.2.7 11.43 116.48 127.91 OK
r-devel-linux-x86_64-debian-gcc 1.2.7 9.22 85.12 94.34 OK
r-devel-linux-x86_64-fedora-clang 1.2.7 169.26 NOTE
r-devel-linux-x86_64-fedora-gcc 1.2.7 171.75 OK
r-devel-windows-x86_64 1.2.7 33.00 180.00 213.00 OK
r-patched-linux-x86_64 1.2.7 10.15 104.92 115.07 OK
r-release-linux-x86_64 1.2.7 12.22 107.67 119.89 OK
r-release-macos-arm64 1.2.7 44.00 OK
r-release-macos-x86_64 1.2.7 70.00 OK
r-release-windows-x86_64 1.2.7 32.00 178.00 210.00 OK
r-oldrel-macos-arm64 1.2.7 43.00 OK
r-oldrel-macos-x86_64 1.2.7 60.00 OK
r-oldrel-windows-ix86+x86_64 1.2.7 26.00 146.00 172.00 OK

Check Details

Version: 1.2.7
Check: Rd cross-references
Result: NOTE
    Undeclared package ‘copula’ in Rd xrefs
Flavor: r-devel-linux-x86_64-fedora-clang