CRAN Package Check Results for Package DDPNA

Last updated on 2021-10-23 01:48:57 CEST.

Flavor Version Tinstall Tcheck Ttotal Status Flags
r-devel-linux-x86_64-debian-clang 0.3.0 19.44 176.04 195.48 OK
r-devel-linux-x86_64-debian-gcc 0.3.0 16.23 130.37 146.60 OK
r-devel-linux-x86_64-fedora-clang 0.3.0 239.87 OK
r-devel-linux-x86_64-fedora-gcc 0.3.0 226.00 OK
r-devel-windows-x86_64 0.3.0 30.00 203.00 233.00 OK
r-devel-windows-x86_64-gcc10-UCRT 0.3.0 ERROR
r-patched-linux-x86_64 0.3.0 18.86 165.73 184.59 OK
r-patched-solaris-x86 0.3.0 316.80 OK
r-release-linux-x86_64 0.3.0 18.61 167.30 185.91 OK
r-release-macos-arm64 0.3.0 NOTE
r-release-macos-x86_64 0.3.0 NOTE
r-release-windows-ix86+x86_64 0.3.0 32.00 207.00 239.00 OK
r-oldrel-macos-x86_64 0.3.0 OK
r-oldrel-windows-ix86+x86_64 0.3.0 47.00 206.00 253.00 OK

Check Details

Version: 0.3.0
Check: package dependencies
Result: ERROR
    Packages required but not available: 'MEGENA', 'igraph'
    
    See section 'The DESCRIPTION file' in the 'Writing R Extensions'
    manual.
Flavor: r-devel-windows-x86_64-gcc10-UCRT

Version: 0.3.0
Check: package dependencies
Result: NOTE
    Package suggested but not available for checking: ‘WGCNA’
Flavors: r-release-macos-arm64, r-release-macos-x86_64