Last updated on 2021-03-06 02:48:42 CET.
Flavor | Version | Tinstall | Tcheck | Ttotal | Status | Flags |
---|---|---|---|---|---|---|
r-devel-linux-x86_64-debian-clang | 1.1.0 | 52.24 | 434.93 | 487.17 | OK | |
r-devel-linux-x86_64-debian-gcc | 1.1.0 | 47.25 | 327.25 | 374.50 | OK | |
r-devel-linux-x86_64-fedora-clang | 1.1.0 | 677.05 | NOTE | |||
r-devel-linux-x86_64-fedora-gcc | 1.1.0 | 687.92 | OK | |||
r-devel-windows-ix86+x86_64 | 1.1.0 | 117.00 | 445.00 | 562.00 | OK | |
r-patched-linux-x86_64 | 1.1.0 | OK | ||||
r-release-linux-x86_64 | 1.1.0 | 50.92 | 404.76 | 455.68 | OK | |
r-release-macos-x86_64 | 1.1.0 | ERROR | ||||
r-release-windows-ix86+x86_64 | 1.1.0 | 84.00 | 339.00 | 423.00 | OK | |
r-oldrel-macos-x86_64 | 1.1.0 | ERROR |
Version: 1.1.0
Check: package dependencies
Result: NOTE
Imports includes 21 non-default packages.
Importing from so many packages makes the package vulnerable to any of
them becoming unavailable. Move as many as possible to Suggests and
use conditionally.
Flavor: r-devel-linux-x86_64-fedora-clang
Version: 1.1.0
Check: package dependencies
Result: ERROR
Package required but not available: ‘TSCAN’
See section ‘The DESCRIPTION file’ in the ‘Writing R Extensions’
manual.
Flavor: r-release-macos-x86_64
Version: 1.1.0
Check: package dependencies
Result: ERROR
Packages required but not available:
'SingleCellExperiment', 'TSCAN', 'org.Hs.eg.db'
See section ‘The DESCRIPTION file’ in the ‘Writing R Extensions’
manual.
Flavor: r-oldrel-macos-x86_64