CRAN Package Check Results for Package DLMtool

Last updated on 2020-11-28 02:48:55 CET.

Flavor Version Tinstall Tcheck Ttotal Status Flags
r-devel-linux-x86_64-debian-clang 5.4.5 135.12 236.89 372.01 OK
r-devel-linux-x86_64-debian-gcc 5.4.5 146.11 174.62 320.73 OK
r-devel-linux-x86_64-fedora-clang 5.4.5 475.53 NOTE
r-devel-linux-x86_64-fedora-gcc 5.4.5 446.45 OK
r-devel-windows-ix86+x86_64 5.4.5 262.00 335.00 597.00 NOTE --no-vignettes
r-patched-linux-x86_64 5.4.5 174.26 214.75 389.01 OK
r-patched-solaris-x86 5.4.5 446.40 NOTE --no-build-vignettes
r-release-linux-x86_64 5.4.5 167.69 216.96 384.65 OK
r-release-macos-x86_64 5.4.5 NOTE
r-release-windows-ix86+x86_64 5.4.5 274.00 343.00 617.00 NOTE --no-vignettes
r-oldrel-macos-x86_64 5.4.5 NOTE
r-oldrel-windows-ix86+x86_64 5.4.5 202.00 319.00 521.00 NOTE --no-vignettes

Check Details

Version: 5.4.5
Check: installed package size
Result: NOTE
     installed size is 10.5Mb
     sub-directories of 1Mb or more:
     R 1.6Mb
     data 3.3Mb
     libs 4.4Mb
Flavors: r-devel-linux-x86_64-fedora-clang, r-release-macos-x86_64, r-oldrel-macos-x86_64

Version: 5.4.5
Flags: --no-vignettes
Check: installed package size
Result: NOTE
     installed size is 8.5Mb
     sub-directories of 1Mb or more:
     R 1.6Mb
     data 3.3Mb
     libs 2.5Mb
Flavors: r-devel-windows-ix86+x86_64, r-release-windows-ix86+x86_64, r-oldrel-windows-ix86+x86_64

Version: 5.4.5
Flags: --no-build-vignettes
Check: installed package size
Result: NOTE
     installed size is 6.7Mb
     sub-directories of 1Mb or more:
     R 1.8Mb
     data 3.4Mb
Flavor: r-patched-solaris-x86