CRAN Package Check Results for Package DNLC

Last updated on 2021-02-27 02:48:22 CET.

Flavor Version Tinstall Tcheck Ttotal Status Flags
r-devel-linux-x86_64-debian-clang 1.0.0 11.78 27.58 39.36 OK
r-devel-linux-x86_64-debian-gcc 1.0.0 9.22 21.86 31.08 OK
r-devel-linux-x86_64-fedora-clang 1.0.0 60.12 NOTE
r-devel-linux-x86_64-fedora-gcc 1.0.0 52.31 NOTE
r-devel-windows-ix86+x86_64 1.0.0 15.00 34.00 49.00 OK
r-patched-linux-x86_64 1.0.0 10.13 26.96 37.09 OK
r-patched-solaris-x86 1.0.0 77.60 NOTE
r-release-linux-x86_64 1.0.0 10.23 27.00 37.23 OK
r-release-macos-x86_64 1.0.0 NOTE
r-release-windows-ix86+x86_64 1.0.0 21.00 46.00 67.00 OK
r-oldrel-macos-x86_64 1.0.0 WARN
r-oldrel-windows-ix86+x86_64 1.0.0 12.00 43.00 55.00 OK

Check Details

Version: 1.0.0
Check: dependencies in R code
Result: NOTE
    Namespaces in Imports field not imported from:
     ‘GOstats’ ‘caTools’ ‘fdrtool’
     All declared Imports should be used.
Flavors: r-devel-linux-x86_64-fedora-clang, r-devel-linux-x86_64-fedora-gcc, r-patched-solaris-x86, r-release-macos-x86_64, r-oldrel-macos-x86_64

Version: 1.0.0
Check: whether package can be installed
Result: WARN
    Found the following significant warnings:
     Warning: package ‘AnnotationDbi’ was built under R version 3.6.1
     Warning: package ‘IRanges’ was built under R version 3.6.1
     Warning: package ‘S4Vectors’ was built under R version 3.6.1
Flavor: r-oldrel-macos-x86_64