CRAN Package Check Results for Package DT

Last updated on 2020-10-28 02:48:56 CET.

Flavor Version Tinstall Tcheck Ttotal Status Flags
r-devel-linux-x86_64-debian-clang 0.16 5.35 37.06 42.41 OK
r-devel-linux-x86_64-debian-gcc 0.16 4.06 28.40 32.46 OK
r-devel-linux-x86_64-fedora-clang 0.16 58.21 NOTE
r-devel-linux-x86_64-fedora-gcc 0.16 52.78 OK
r-devel-windows-ix86+x86_64 0.16 12.00 53.00 65.00 OK
r-patched-linux-x86_64 0.16 OK
r-patched-solaris-x86 0.16 68.00 OK
r-release-linux-x86_64 0.16 4.85 34.46 39.31 OK
r-release-macos-x86_64 0.16 OK
r-release-windows-ix86+x86_64 0.16 8.00 42.00 50.00 OK
r-oldrel-macos-x86_64 0.16 OK
r-oldrel-windows-ix86+x86_64 0.16 8.00 51.00 59.00 OK

Check Details

Version: 0.16
Check: installed package size
Result: NOTE
     installed size is 5.4Mb
     sub-directories of 1Mb or more:
     htmlwidgets 4.4Mb
Flavor: r-devel-linux-x86_64-fedora-clang