CRAN Package Check Results for Package DTAT

Last updated on 2020-11-27 02:47:03 CET.

Flavor Version Tinstall Tcheck Ttotal Status Flags
r-devel-linux-x86_64-debian-clang 0.3-4 16.14 121.16 137.30 OK
r-devel-linux-x86_64-debian-gcc 0.3-4 12.52 93.02 105.54 OK
r-devel-linux-x86_64-fedora-clang 0.3-4 169.65 OK
r-devel-linux-x86_64-fedora-gcc 0.3-4 159.21 OK
r-devel-windows-ix86+x86_64 0.3-4 32.00 142.00 174.00 OK
r-patched-linux-x86_64 0.3-4 11.89 113.58 125.47 OK
r-patched-solaris-x86 0.3-4 240.00 WARN
r-release-linux-x86_64 0.3-4 13.62 112.36 125.98 OK
r-release-macos-x86_64 0.3-4 WARN
r-release-windows-ix86+x86_64 0.3-4 40.00 115.00 155.00 OK
r-oldrel-macos-x86_64 0.3-4 WARN
r-oldrel-windows-ix86+x86_64 0.3-4 23.00 118.00 141.00 OK

Check Details

Version: 0.3-4
Check: re-building of vignette outputs
Result: WARN
    Error(s) in re-building vignettes:
     ...
    --- re-building ‘Designing-33PC.Rmd’ using rmarkdown
    Warning in engine$weave(file, quiet = quiet, encoding = enc) :
     Pandoc (>= 1.12.3) and/or pandoc-citeproc not available. Falling back to R Markdown v1.
    Quitting from lines 164-165 (Designing-33PC.Rmd)
    Error: processing vignette 'Designing-33PC.Rmd' failed with diagnostics:
    there is no package called 'webshot'
    --- failed re-building ‘Designing-33PC.Rmd’
    
    SUMMARY: processing the following file failed:
     ‘Designing-33PC.Rmd’
    
    Error: Vignette re-building failed.
    Execution halted
Flavor: r-patched-solaris-x86

Version: 0.3-4
Check: re-building of vignette outputs
Result: WARN
    Error(s) in re-building vignettes:
     ...
    --- re-building ‘Designing-33PC.Rmd’ using rmarkdown
    Warning in engine$weave(file, quiet = quiet, encoding = enc) :
     Pandoc (>= 1.12.3) and/or pandoc-citeproc not available. Falling back to R Markdown v1.
    Quitting from lines 164-165 (Designing-33PC.Rmd)
    Error: processing vignette 'Designing-33PC.Rmd' failed with diagnostics:
    cannot open the connection
    --- failed re-building ‘Designing-33PC.Rmd’
    
    SUMMARY: processing the following file failed:
     ‘Designing-33PC.Rmd’
    
    Error: Vignette re-building failed.
    Execution halted
Flavors: r-release-macos-x86_64, r-oldrel-macos-x86_64