CRAN Package Check Results for Package DatabaseConnector

Last updated on 2020-11-27 02:47:03 CET.

Flavor Version Tinstall Tcheck Ttotal Status Flags
r-devel-linux-x86_64-debian-clang 3.0.0 10.14 64.34 74.48 OK
r-devel-linux-x86_64-debian-gcc 3.0.0 7.43 50.87 58.30 OK
r-devel-linux-x86_64-fedora-clang 3.0.0 99.51 NOTE
r-devel-linux-x86_64-fedora-gcc 3.0.0 90.26 NOTE
r-devel-windows-ix86+x86_64 3.0.0 18.00 93.00 111.00 OK
r-patched-linux-x86_64 3.0.0 9.55 62.72 72.27 OK
r-patched-solaris-x86 3.0.0 117.70 NOTE
r-release-linux-x86_64 3.0.0 8.57 61.86 70.43 OK
r-release-macos-x86_64 3.0.0 NOTE
r-release-windows-ix86+x86_64 3.0.0 19.00 103.00 122.00 OK
r-oldrel-macos-x86_64 3.0.0 NOTE
r-oldrel-windows-ix86+x86_64 3.0.0 11.00 5.00 16.00 ERROR

Check Details

Version: 3.0.0
Check: dependencies in R code
Result: NOTE
    Namespace in Imports field not imported from: ‘DatabaseConnectorJars’
     All declared Imports should be used.
Flavors: r-devel-linux-x86_64-fedora-clang, r-devel-linux-x86_64-fedora-gcc, r-patched-solaris-x86, r-release-macos-x86_64, r-oldrel-macos-x86_64

Version: 3.0.0
Check: package dependencies
Result: NOTE
    Package suggested but not available for checking: ‘ssh’
Flavor: r-patched-solaris-x86

Version: 3.0.0
Check: whether package can be installed
Result: ERROR
    Installation failed.
Flavor: r-oldrel-windows-ix86+x86_64