Last updated on 2022-07-02 02:53:01 CEST.
Flavor | Version | Tinstall | Tcheck | Ttotal | Status | Flags |
---|---|---|---|---|---|---|
r-devel-linux-x86_64-debian-clang | 1.1.5 | 144.39 | 124.88 | 269.27 | OK | |
r-devel-linux-x86_64-debian-gcc | 1.1.5 | 118.50 | 87.68 | 206.18 | OK | |
r-devel-linux-x86_64-fedora-clang | 1.1.5 | 383.48 | NOTE | |||
r-devel-linux-x86_64-fedora-gcc | 1.1.5 | 359.74 | OK | |||
r-devel-windows-x86_64 | 1.1.5 | 152.00 | 167.00 | 319.00 | OK | |
r-patched-linux-x86_64 | 1.1.5 | 127.46 | 110.05 | 237.51 | OK | |
r-release-linux-x86_64 | 1.1.5 | 125.08 | 110.09 | 235.17 | OK | |
r-release-macos-arm64 | 1.1.5 | 84.00 | NOTE | |||
r-release-macos-x86_64 | 1.1.5 | 148.00 | NOTE | |||
r-release-windows-x86_64 | 1.1.5 | 180.00 | 175.00 | 355.00 | OK | |
r-oldrel-macos-arm64 | 1.1.5 | 76.00 | NOTE | |||
r-oldrel-macos-x86_64 | 1.1.5 | 110.00 | NOTE | |||
r-oldrel-windows-ix86+x86_64 | 1.1.5 | 365.00 | 178.00 | 543.00 | NOTE |
Version: 1.1.5
Check: installed package size
Result: NOTE
installed size is 6.2Mb
sub-directories of 1Mb or more:
doc 3.0Mb
libs 2.8Mb
Flavors: r-devel-linux-x86_64-fedora-clang, r-release-macos-arm64, r-release-macos-x86_64, r-oldrel-macos-arm64, r-oldrel-macos-x86_64, r-oldrel-windows-ix86+x86_64