CRAN Package Check Results for Package DealGPL570

Last updated on 2020-12-02 02:51:51 CET.

Flavor Version Tinstall Tcheck Ttotal Status Flags
r-devel-linux-x86_64-debian-clang 0.2.0 10.50 66.26 76.76 OK
r-devel-linux-x86_64-debian-gcc 0.2.0 6.40 50.71 57.11 OK
r-devel-linux-x86_64-fedora-clang 0.2.0 96.45 OK
r-devel-linux-x86_64-fedora-gcc 0.2.0 89.53 OK
r-devel-windows-ix86+x86_64 0.2.0 18.00 88.00 106.00 WARN
r-patched-linux-x86_64 0.2.0 7.09 62.64 69.73 OK
r-patched-solaris-x86 0.2.0 128.10 OK
r-release-linux-x86_64 0.2.0 6.85 62.79 69.64 OK
r-release-macos-x86_64 0.2.0 OK
r-release-windows-ix86+x86_64 0.2.0 14.00 66.00 80.00 WARN
r-oldrel-macos-x86_64 0.2.0 OK
r-oldrel-windows-ix86+x86_64 0.2.0 3.00 7.00 10.00 ERROR

Check Details

Version: 0.2.0
Check: whether package can be installed
Result: WARN
    Found the following significant warnings:
     Warning: namespace 'Rcpp' is not available and has been replaced
Flavors: r-devel-windows-ix86+x86_64, r-release-windows-ix86+x86_64

Version: 0.2.0
Check: whether package can be installed
Result: ERROR
    Installation failed.
Flavor: r-oldrel-windows-ix86+x86_64