Last updated on 2023-03-30 02:50:39 CEST.
Flavor | Version | Tinstall | Tcheck | Ttotal | Status | Flags |
---|---|---|---|---|---|---|
r-devel-linux-x86_64-debian-clang | 1.0.6 | 14.44 | 152.10 | 166.54 | OK | |
r-devel-linux-x86_64-debian-gcc | 1.0.6 | 11.67 | 115.51 | 127.18 | OK | |
r-devel-linux-x86_64-fedora-clang | 1.0.6 | 203.30 | OK | |||
r-devel-linux-x86_64-fedora-gcc | 1.0.6 | 211.05 | OK | |||
r-devel-windows-x86_64 | 1.0.6 | 33.00 | 0.00 | 33.00 | OK | |
r-patched-linux-x86_64 | 1.0.6 | 16.96 | 144.28 | 161.24 | OK | |
r-release-linux-x86_64 | 1.0.6 | 13.56 | 145.02 | 158.58 | OK | |
r-release-macos-arm64 | 1.0.6 | 57.00 | OK | |||
r-release-macos-x86_64 | 1.0.6 | 89.00 | OK | |||
r-release-windows-x86_64 | 1.0.6 | 61.00 | 181.00 | 242.00 | OK | |
r-oldrel-macos-arm64 | 1.0.6 | 58.00 | OK | |||
r-oldrel-macos-x86_64 | 1.0.6 | 89.00 | OK | |||
r-oldrel-windows-ix86+x86_64 | 1.0.6 | 29.00 | 184.00 | 213.00 | NOTE |
Version: 1.0.6
Check: dependencies in R code
Result: NOTE
Initiating curl with CURL_SSL_BACKEND: openssl
Flavor: r-oldrel-windows-ix86+x86_64