CRAN Package Check Results for Package DesignCTPB

Last updated on 2023-05-27 02:49:37 CEST.

Flavor Version Tinstall Tcheck Ttotal Status Flags
r-devel-linux-x86_64-debian-clang 1.1.3 2.07 30.76 32.83 OK
r-devel-linux-x86_64-debian-gcc 1.1.3 2.33 23.87 26.20 OK
r-devel-linux-x86_64-fedora-clang 1.1.3 43.27 NOTE
r-devel-linux-x86_64-fedora-gcc 1.1.3 51.46 NOTE
r-devel-windows-x86_64 1.1.3 4.00 47.00 51.00 OK
r-patched-linux-x86_64 1.1.3 3.11 29.69 32.80 OK
r-release-linux-x86_64 1.1.3 2.65 29.51 32.16 OK
r-release-macos-arm64 1.1.3 24.00 OK
r-release-macos-x86_64 1.1.3 36.00 OK
r-release-windows-x86_64 1.1.3 5.00 48.00 53.00 OK
r-oldrel-macos-arm64 1.1.3 20.00 NOTE
r-oldrel-macos-x86_64 1.1.3 30.00 NOTE
r-oldrel-windows-x86_64 1.1.3 6.00 48.00 54.00 OK

Check Details

Version: 1.1.3
Check: dependencies in R code
Result: NOTE
    Namespace in Imports field not imported from: ‘dplyr’
     All declared Imports should be used.
Flavors: r-devel-linux-x86_64-fedora-clang, r-devel-linux-x86_64-fedora-gcc, r-oldrel-macos-arm64, r-oldrel-macos-x86_64