CRAN Package Check Results for Package DiagrammeR

Last updated on 2021-04-18 02:46:57 CEST.

Flavor Version Tinstall Tcheck Ttotal Status Flags
r-devel-linux-x86_64-debian-clang 1.0.6.1 21.12 238.92 260.04 OK
r-devel-linux-x86_64-debian-gcc 1.0.6.1 17.35 178.29 195.64 OK
r-devel-linux-x86_64-fedora-clang 1.0.6.1 335.74 NOTE
r-devel-linux-x86_64-fedora-gcc 1.0.6.1 307.48 NOTE
r-devel-windows-ix86+x86_64 1.0.6.1 40.00 327.00 367.00 NOTE
r-devel-windows-x86_64-gcc10-UCRT 1.0.6.1 NOTE
r-patched-linux-x86_64 1.0.6.1 22.11 232.37 254.48 OK
r-patched-solaris-x86 1.0.6.1 369.60 WARN
r-release-linux-x86_64 1.0.6.1 18.37 231.19 249.56 OK
r-release-macos-x86_64 1.0.6.1 WARN
r-release-windows-ix86+x86_64 1.0.6.1 52.00 361.00 413.00 NOTE
r-oldrel-macos-x86_64 1.0.6.1 WARN
r-oldrel-windows-ix86+x86_64 1.0.6.1 22.00 320.00 342.00 NOTE

Check Details

Version: 1.0.6.1
Check: installed package size
Result: NOTE
     installed size is 14.2Mb
     sub-directories of 1Mb or more:
     doc 9.7Mb
     htmlwidgets 2.9Mb
Flavors: r-devel-linux-x86_64-fedora-clang, r-devel-windows-ix86+x86_64, r-patched-solaris-x86, r-release-macos-x86_64, r-release-windows-ix86+x86_64, r-oldrel-macos-x86_64, r-oldrel-windows-ix86+x86_64

Version: 1.0.6.1
Check: data for non-ASCII characters
Result: NOTE
     Note: found 1 marked UTF-8 string
Flavors: r-devel-linux-x86_64-fedora-clang, r-devel-linux-x86_64-fedora-gcc, r-devel-windows-x86_64-gcc10-UCRT, r-patched-solaris-x86, r-release-macos-x86_64, r-oldrel-macos-x86_64

Version: 1.0.6.1
Check: package dependencies
Result: NOTE
    Package suggested but not available for checking: ‘rsvg’
Flavor: r-patched-solaris-x86

Version: 1.0.6.1
Check: re-building of vignette outputs
Result: WARN
    Error(s) in re-building vignettes:
     ...
    --- re-building ‘graphviz-mermaid.Rmd’ using rmarkdown
    Warning in engine$weave(file, quiet = quiet, encoding = enc) :
     Pandoc (>= 1.12.3) not available. Falling back to R Markdown v1.
    Quitting from lines 57-79 (graphviz-mermaid.Rmd)
    Error: processing vignette 'graphviz-mermaid.Rmd' failed with diagnostics:
    subscript out of bounds
    --- failed re-building ‘graphviz-mermaid.Rmd’
    
    --- re-building ‘node-edge-data-frames.Rmd’ using rmarkdown
    Warning in engine$weave(file, quiet = quiet, encoding = enc) :
     Pandoc (>= 1.12.3) not available. Falling back to R Markdown v1.
    --- finished re-building ‘node-edge-data-frames.Rmd’
    
    --- re-building ‘selections.Rmd’ using rmarkdown
    Warning in engine$weave(file, quiet = quiet, encoding = enc) :
     Pandoc (>= 1.12.3) not available. Falling back to R Markdown v1.
    Quitting from lines 317-356 (selections.Rmd)
    Error: processing vignette 'selections.Rmd' failed with diagnostics:
    subscript out of bounds
    --- failed re-building ‘selections.Rmd’
    
    --- re-building ‘simple-graphs-ndfs-edfs.Rmd’ using rmarkdown
    Warning in engine$weave(file, quiet = quiet, encoding = enc) :
     Pandoc (>= 1.12.3) not available. Falling back to R Markdown v1.
    Quitting from lines 165-166 (simple-graphs-ndfs-edfs.Rmd)
    Error: processing vignette 'simple-graphs-ndfs-edfs.Rmd' failed with diagnostics:
    subscript out of bounds
    --- failed re-building ‘simple-graphs-ndfs-edfs.Rmd’
    
    --- re-building ‘traversals.Rmd’ using rmarkdown
    Warning in engine$weave(file, quiet = quiet, encoding = enc) :
     Pandoc (>= 1.12.3) not available. Falling back to R Markdown v1.
    Quitting from lines 102-116 (traversals.Rmd)
    Error: processing vignette 'traversals.Rmd' failed with diagnostics:
    subscript out of bounds
    --- failed re-building ‘traversals.Rmd’
    
    SUMMARY: processing the following files failed:
     ‘graphviz-mermaid.Rmd’ ‘selections.Rmd’ ‘simple-graphs-ndfs-edfs.Rmd’
     ‘traversals.Rmd’
    
    Error: Vignette re-building failed.
    Execution halted
Flavor: r-patched-solaris-x86

Version: 1.0.6.1
Check: re-building of vignette outputs
Result: WARN
    Error(s) in re-building vignettes:
    --- re-building ‘graphviz-mermaid.Rmd’ using rmarkdown
    Warning in engine$weave(file, quiet = quiet, encoding = enc) :
     Pandoc (>= 1.12.3) and/or pandoc-citeproc not available. Falling back to R Markdown v1.
    Quitting from lines 57-79 (graphviz-mermaid.Rmd)
    Error: processing vignette 'graphviz-mermaid.Rmd' failed with diagnostics:
    cannot open the connection
    --- failed re-building ‘graphviz-mermaid.Rmd’
    
    --- re-building ‘node-edge-data-frames.Rmd’ using rmarkdown
    Warning in engine$weave(file, quiet = quiet, encoding = enc) :
     Pandoc (>= 1.12.3) and/or pandoc-citeproc not available. Falling back to R Markdown v1.
    --- finished re-building ‘node-edge-data-frames.Rmd’
    
    --- re-building ‘selections.Rmd’ using rmarkdown
    Warning in engine$weave(file, quiet = quiet, encoding = enc) :
     Pandoc (>= 1.12.3) and/or pandoc-citeproc not available. Falling back to R Markdown v1.
    Quitting from lines 317-356 (selections.Rmd)
    Error: processing vignette 'selections.Rmd' failed with diagnostics:
    cannot open the connection
    --- failed re-building ‘selections.Rmd’
    
    --- re-building ‘simple-graphs-ndfs-edfs.Rmd’ using rmarkdown
    Warning in engine$weave(file, quiet = quiet, encoding = enc) :
     Pandoc (>= 1.12.3) and/or pandoc-citeproc not available. Falling back to R Markdown v1.
    Quitting from lines 165-166 (simple-graphs-ndfs-edfs.Rmd)
    Error: processing vignette 'simple-graphs-ndfs-edfs.Rmd' failed with diagnostics:
    cannot open the connection
    --- failed re-building ‘simple-graphs-ndfs-edfs.Rmd’
    
    --- re-building ‘traversals.Rmd’ using rmarkdown
    Warning in engine$weave(file, quiet = quiet, encoding = enc) :
     Pandoc (>= 1.12.3) and/or pandoc-citeproc not available. Falling back to R Markdown v1.
    Quitting from lines 102-116 (traversals.Rmd)
    Error: processing vignette 'traversals.Rmd' failed with diagnostics:
    cannot open the connection
    --- failed re-building ‘traversals.Rmd’
    
    SUMMARY: processing the following files failed:
     ‘graphviz-mermaid.Rmd’ ‘selections.Rmd’ ‘simple-graphs-ndfs-edfs.Rmd’
     ‘traversals.Rmd’
    
    Error: Vignette re-building failed.
    Execution halted
Flavors: r-release-macos-x86_64, r-oldrel-macos-x86_64