CRAN Package Check Results for Package DrugClust

Last updated on 2021-04-16 02:47:20 CEST.

Flavor Version Tinstall Tcheck Ttotal Status Flags
r-devel-linux-x86_64-debian-clang 0.2 2.80 28.71 31.51 NOTE
r-devel-linux-x86_64-debian-gcc 0.2 2.34 22.08 24.42 NOTE
r-devel-linux-x86_64-fedora-clang 0.2 46.68 NOTE
r-devel-linux-x86_64-fedora-gcc 0.2 38.12 NOTE
r-devel-windows-ix86+x86_64 0.2 9.00 46.00 55.00 NOTE
r-devel-windows-x86_64-gcc10-UCRT 0.2 NOTE
r-patched-linux-x86_64 0.2 3.02 27.48 30.50 OK
r-patched-solaris-x86 0.2 54.30 OK
r-release-linux-x86_64 0.2 3.03 27.12 30.15 OK
r-release-macos-x86_64 0.2 OK
r-release-windows-ix86+x86_64 0.2 7.00 45.00 52.00 OK
r-oldrel-macos-x86_64 0.2 OK
r-oldrel-windows-ix86+x86_64 0.2 4.00 33.00 37.00 OK

Check Details

Version: 0.2
Check: LazyData
Result: NOTE
     'LazyData' is specified without a 'data' directory
Flavors: r-devel-linux-x86_64-debian-clang, r-devel-linux-x86_64-debian-gcc, r-devel-linux-x86_64-fedora-clang, r-devel-linux-x86_64-fedora-gcc, r-devel-windows-ix86+x86_64, r-devel-windows-x86_64-gcc10-UCRT