CRAN Package Check Results for Package DynTxRegime

Last updated on 2022-12-10 02:49:27 CET.

Flavor Version Tinstall Tcheck Ttotal Status Flags
r-devel-linux-x86_64-debian-clang 4.11 30.44 153.84 184.28 OK
r-devel-linux-x86_64-debian-gcc 4.11 25.05 124.16 149.21 OK
r-devel-linux-x86_64-fedora-clang 4.11 212.37 OK
r-devel-linux-x86_64-fedora-gcc 4.11 207.22 OK
r-devel-windows-x86_64 4.11 283.00 267.00 550.00 OK
r-patched-linux-x86_64 4.11 30.58 109.98 140.56 WARN
r-release-linux-x86_64 4.11 34.74 110.98 145.72 WARN
r-release-macos-arm64 4.11 48.00 WARN
r-release-macos-x86_64 4.11 68.00 WARN
r-release-windows-x86_64 4.11 282.00 143.00 425.00 WARN
r-oldrel-macos-arm64 4.11 54.00 WARN
r-oldrel-macos-x86_64 4.11 69.00 WARN
r-oldrel-windows-ix86+x86_64 4.11 55.00 133.00 188.00 WARN

Check Details

Version: 4.11
Check: for code/documentation mismatches
Result: WARN
    Codoc mismatches from documentation object ‘IQLearnFS_VHet-methods’:
    \S4method{qqplot}{IQLearnFS_VHet}
     Code: function(x, y, plot.it = TRUE, xlab = deparse1(substitute(x)),
     ylab = deparse1(substitute(y)), ...)
     Docs: function(x, y, plot.it = TRUE, xlab = deparse1(substitute(x)),
     ylab = deparse1(substitute(y)), ..., conf.level =
     NULL, conf.args = list(exact = NULL, simulate.p.value
     = FALSE, B = 2000, col = NA, border = NULL))
     Argument names in docs not in code:
     conf.level conf.args
Flavors: r-patched-linux-x86_64, r-release-linux-x86_64, r-release-macos-arm64, r-release-macos-x86_64, r-release-windows-x86_64, r-oldrel-macos-arm64, r-oldrel-macos-x86_64, r-oldrel-windows-ix86+x86_64