Last updated on 2021-01-16 02:50:03 CET.
Flavor | Version | Tinstall | Tcheck | Ttotal | Status | Flags |
---|---|---|---|---|---|---|
r-devel-linux-x86_64-debian-clang | 2.4.3 | 305.84 | 95.32 | 401.16 | OK | |
r-devel-linux-x86_64-debian-gcc | 2.4.3 | 198.68 | 78.89 | 277.57 | OK | |
r-devel-linux-x86_64-fedora-clang | 2.4.3 | 500.00 | NOTE | |||
r-devel-linux-x86_64-fedora-gcc | 2.4.3 | 422.06 | OK | |||
r-devel-windows-ix86+x86_64 | 2.4.3 | 533.00 | 123.00 | 656.00 | OK | |
r-patched-linux-x86_64 | 2.4.3 | 230.14 | 91.64 | 321.78 | OK | |
r-patched-solaris-x86 | 2.4.3 | 426.70 | OK | |||
r-release-linux-x86_64 | 2.4.3 | 233.93 | 86.71 | 320.64 | WARN | |
r-release-macos-x86_64 | 2.4.3 | NOTE | ||||
r-release-windows-ix86+x86_64 | 2.4.3 | 702.00 | 169.00 | 871.00 | OK | |
r-oldrel-macos-x86_64 | 2.4.3 | NOTE | ||||
r-oldrel-windows-ix86+x86_64 | 2.4.2 | 463.00 | 111.00 | 574.00 | OK |
Version: 2.4.3
Check: installed package size
Result: NOTE
installed size is 14.3Mb
sub-directories of 1Mb or more:
libs 12.3Mb
shiny_app 1.1Mb
Flavors: r-devel-linux-x86_64-fedora-clang, r-release-macos-x86_64, r-oldrel-macos-x86_64
Version: 2.4.3
Check: re-building of vignette outputs
Result: WARN
Error(s) in re-building vignettes:
...
--- re-building ‘Eagle_vignette.Rnw’ using Sweave
Error: processing vignette 'Eagle_vignette.Rnw' failed with diagnostics:
Running ‘texi2dvi’ on ‘Eagle_vignette.tex’ failed.
LaTeX errors:
! Undefined control sequence.
\[email protected] ...tionraw >>}\relax \[email protected]
\@urlcolor #1\[email protected]@en...
l.68 \begin{document}
! Undefined control sequence.
\[email protected] ->\[email protected]
\[email protected] \pdfendlink
l.68 \begin{document}
--- failed re-building ‘Eagle_vignette.Rnw’
SUMMARY: processing the following file failed:
‘Eagle_vignette.Rnw’
Error: Vignette re-building failed.
Execution halted
Flavor: r-release-linux-x86_64