CRAN Package Check Results for Package FD

Last updated on 2022-11-28 01:51:33 CET.

Flavor Version Tinstall Tcheck Ttotal Status Flags
r-devel-linux-x86_64-debian-clang 1.0-12.1 12.18 110.32 122.50 NOTE
r-devel-linux-x86_64-debian-gcc 1.0-12.1 9.89 82.25 92.14 NOTE
r-devel-linux-x86_64-fedora-clang 1.0-12.1 159.07 NOTE
r-devel-linux-x86_64-fedora-gcc 1.0-12.1 157.25 NOTE
r-devel-windows-x86_64 1.0-12.1 18.00 137.00 155.00 OK
r-patched-linux-x86_64 1.0-12.1 12.93 105.34 118.27 NOTE
r-release-linux-x86_64 1.0-12.1 13.13 104.82 117.95 NOTE
r-release-macos-arm64 1.0-12.1 43.00 OK
r-release-macos-x86_64 1.0-12.1 69.00 OK
r-release-windows-x86_64 1.0-12.1 27.00 139.00 166.00 OK
r-oldrel-macos-arm64 1.0-12.1 42.00 OK
r-oldrel-macos-x86_64 1.0-12.1 59.00 OK
r-oldrel-windows-ix86+x86_64 1.0-12.1 25.00 176.00 201.00 OK

Check Details

Version: 1.0-12.1
Check: for non-standard things in the check directory
Result: NOTE
    Found the following files/directories:
     'vert.txt'
Flavors: r-devel-linux-x86_64-debian-clang, r-devel-linux-x86_64-debian-gcc, r-devel-linux-x86_64-fedora-clang, r-devel-linux-x86_64-fedora-gcc, r-patched-linux-x86_64, r-release-linux-x86_64

Version: 1.0-12.1
Check: compiled code
Result: NOTE
    File ‘FD/libs/FD.so’:
     Found no calls to: ‘R_registerRoutines’, ‘R_useDynamicSymbols’
    
    It is good practice to register native routines and to disable symbol
    search.
    
    See ‘Writing portable packages’ in the ‘Writing R Extensions’ manual.
Flavors: r-devel-linux-x86_64-fedora-clang, r-devel-linux-x86_64-fedora-gcc