CRAN Package Check Results for Package FLightR

Last updated on 2021-01-19 02:51:03 CET.

Flavor Version Tinstall Tcheck Ttotal Status Flags
r-devel-linux-x86_64-debian-clang 0.5.0 12.96 174.55 187.51 OK
r-devel-linux-x86_64-debian-gcc 0.5.0 8.71 127.19 135.90 OK
r-devel-linux-x86_64-fedora-clang 0.5.0 218.37 NOTE
r-devel-linux-x86_64-fedora-gcc 0.5.0 227.79 NOTE
r-devel-windows-ix86+x86_64 0.5.0 13.00 182.00 195.00 OK
r-patched-linux-x86_64 0.5.0 6.87 170.59 177.46 OK
r-patched-solaris-x86 0.5.0 338.30 NOTE
r-release-linux-x86_64 0.5.0 10.38 168.47 178.85 OK
r-release-macos-x86_64 0.5.0 NOTE
r-release-windows-ix86+x86_64 0.5.0 14.00 195.00 209.00 OK
r-oldrel-macos-x86_64 0.5.0 NOTE
r-oldrel-windows-ix86+x86_64 0.5.0 11.00 163.00 174.00 OK

Check Details

Version: 0.5.0
Check: dependencies in R code
Result: NOTE
    Namespaces in Imports field not imported from:
     ‘raster’ ‘rgdal’
     All declared Imports should be used.
Flavors: r-devel-linux-x86_64-fedora-clang, r-devel-linux-x86_64-fedora-gcc, r-patched-solaris-x86, r-release-macos-x86_64, r-oldrel-macos-x86_64