Last updated on 2023-06-05 02:58:19 CEST.
Flavor | Version | Tinstall | Tcheck | Ttotal | Status | Flags |
---|---|---|---|---|---|---|
r-devel-linux-x86_64-debian-clang | 1.3.6.2 | 8.83 | 231.17 | 240.00 | NOTE | |
r-devel-linux-x86_64-debian-gcc | 1.3.6.2 | 5.44 | 171.55 | 176.99 | NOTE | |
r-devel-linux-x86_64-fedora-clang | 1.3.6.2 | 294.73 | NOTE | |||
r-devel-linux-x86_64-fedora-gcc | 1.3.6.2 | 293.85 | NOTE | |||
r-devel-windows-x86_64 | 1.3.6.2 | 10.00 | 286.00 | 296.00 | NOTE | |
r-patched-linux-x86_64 | 1.3.6.2 | 10.88 | 223.24 | 234.12 | NOTE | |
r-release-linux-x86_64 | 1.3.6.2 | 5.64 | 223.67 | 229.31 | NOTE | |
r-release-macos-arm64 | 1.3.6.2 | 126.00 | NOTE | |||
r-release-macos-x86_64 | 1.3.6.2 | 229.00 | NOTE | |||
r-release-windows-x86_64 | 1.3.6.2 | 12.00 | 300.00 | 312.00 | NOTE | |
r-oldrel-macos-arm64 | 1.3.6.2 | 113.00 | OK | |||
r-oldrel-macos-x86_64 | 1.3.6.2 | 154.00 | OK | |||
r-oldrel-windows-x86_64 | 1.3.6.2 | 13.00 | 297.00 | 310.00 | OK |
Version: 1.3.6.2
Check: Rd files
Result: NOTE
checkRd: (-1) pseudoOptim.Rd:27: Escaped LaTeX specials: \$
Flavors: r-devel-linux-x86_64-debian-clang, r-devel-linux-x86_64-debian-gcc, r-devel-linux-x86_64-fedora-clang, r-devel-linux-x86_64-fedora-gcc, r-devel-windows-x86_64, r-patched-linux-x86_64, r-release-linux-x86_64, r-release-macos-arm64, r-release-macos-x86_64, r-release-windows-x86_64