Last updated on 2021-03-08 02:46:41 CET.
Flavor | Version | Tinstall | Tcheck | Ttotal | Status | Flags |
---|---|---|---|---|---|---|
r-devel-linux-x86_64-debian-clang | 0.1.5 | 9.12 | 170.41 | 179.53 | NOTE | |
r-devel-linux-x86_64-debian-gcc | 0.1.5 | 7.68 | 127.64 | 135.32 | NOTE | |
r-devel-linux-x86_64-fedora-clang | 0.1.5 | 215.23 | OK | |||
r-devel-linux-x86_64-fedora-gcc | 0.1.5 | 212.92 | OK | |||
r-devel-windows-ix86+x86_64 | 0.1.5 | 15.00 | 206.00 | 221.00 | NOTE | |
r-devel-windows-x86_64-gcc10-UCRT | 0.1.5 | OK | ||||
r-patched-linux-x86_64 | 0.1.5 | 8.12 | 165.83 | 173.95 | NOTE | |
r-patched-solaris-x86 | 0.1.5 | 275.60 | OK | |||
r-release-linux-x86_64 | 0.1.5 | 7.74 | 164.16 | 171.90 | NOTE | |
r-release-macos-x86_64 | 0.1.5 | OK | ||||
r-release-windows-ix86+x86_64 | 0.1.5 | 11.00 | 153.00 | 164.00 | NOTE | |
r-oldrel-macos-x86_64 | 0.1.5 | OK | ||||
r-oldrel-windows-ix86+x86_64 | 0.1.5 | 10.00 | 141.00 | 151.00 | OK |
Version: 0.1.5
Check: package vignettes
Result: NOTE
Package vignette with placeholder title 'Vignette Title':
'GEint_example.Rmd'
Flavors: r-devel-linux-x86_64-debian-clang, r-devel-linux-x86_64-debian-gcc, r-devel-windows-ix86+x86_64, r-patched-linux-x86_64, r-release-linux-x86_64, r-release-windows-ix86+x86_64