CRAN Package Check Results for Package GGMnonreg

Last updated on 2022-10-07 03:55:54 CEST.

Flavor Version Tinstall Tcheck Ttotal Status Flags
r-devel-linux-x86_64-debian-clang 1.0.0 14.67 135.34 150.01 NOTE
r-devel-linux-x86_64-debian-gcc 1.0.0 11.55 98.56 110.11 NOTE
r-devel-linux-x86_64-fedora-clang 1.0.0 197.69 NOTE
r-devel-linux-x86_64-fedora-gcc 1.0.0 199.42 NOTE
r-devel-windows-x86_64 1.0.0 39.00 178.00 217.00 NOTE
r-patched-linux-x86_64 1.0.0 11.47 124.61 136.08 OK
r-release-linux-x86_64 1.0.0 9.23 122.25 131.48 OK
r-release-macos-arm64 1.0.0 49.00 NOTE
r-release-macos-x86_64 1.0.0 85.00 NOTE
r-release-windows-x86_64 1.0.0 49.00 167.00 216.00 OK
r-oldrel-macos-arm64 1.0.0 53.00 NOTE
r-oldrel-macos-x86_64 1.0.0 104.00 NOTE
r-oldrel-windows-ix86+x86_64 1.0.0 31.00 144.00 175.00 OK

Check Details

Version: 1.0.0
Check: Rd files
Result: NOTE
    checkRd: (-1) constrained.Rd:37: Escaped LaTeX specials: \&
Flavors: r-devel-linux-x86_64-debian-clang, r-devel-linux-x86_64-debian-gcc, r-devel-linux-x86_64-fedora-clang, r-devel-linux-x86_64-fedora-gcc, r-devel-windows-x86_64

Version: 1.0.0
Check: dependencies in R code
Result: NOTE
    Namespaces in Imports field not imported from:
     ‘Matrix’ ‘Rdpack’
     All declared Imports should be used.
Flavors: r-devel-linux-x86_64-fedora-clang, r-devel-linux-x86_64-fedora-gcc, r-release-macos-arm64, r-release-macos-x86_64, r-oldrel-macos-arm64, r-oldrel-macos-x86_64