CRAN Package Check Results for Package HMP

Last updated on 2022-10-02 02:49:12 CEST.

Flavor Version Tinstall Tcheck Ttotal Status Flags
r-devel-linux-x86_64-debian-clang 2.0.1 14.03 125.99 140.02 OK
r-devel-linux-x86_64-debian-gcc 2.0.1 11.40 92.99 104.39 OK
r-devel-linux-x86_64-fedora-clang 2.0.1 177.69 NOTE
r-devel-linux-x86_64-fedora-gcc 2.0.1 170.77 OK
r-devel-windows-x86_64 2.0.1 37.00 165.00 202.00 OK
r-patched-linux-x86_64 2.0.1 14.94 117.30 132.24 OK
r-release-linux-x86_64 2.0.1 13.07 116.55 129.62 OK
r-release-macos-arm64 2.0.1 51.00 OK
r-release-macos-x86_64 2.0.1 96.00 OK
r-release-windows-x86_64 2.0.1 31.00 173.00 204.00 OK
r-oldrel-macos-arm64 2.0.1 57.00 OK
r-oldrel-macos-x86_64 2.0.1 73.00 OK
r-oldrel-windows-ix86+x86_64 2.0.1 31.00 152.00 183.00 OK

Check Details

Version: 2.0.1
Check: Rd cross-references
Result: NOTE
    Undeclared package ‘genalg’ in Rd xrefs
Flavor: r-devel-linux-x86_64-fedora-clang