Last updated on 2022-06-29 02:55:12 CEST.
Flavor | Version | Tinstall | Tcheck | Ttotal | Status | Flags |
---|---|---|---|---|---|---|
r-devel-linux-x86_64-debian-clang | 0.4-3 | 99.46 | 544.48 | 643.94 | WARN | |
r-devel-linux-x86_64-debian-gcc | 0.4-3 | 77.05 | 1193.81 | 1270.86 | OK | |
r-devel-linux-x86_64-fedora-clang | 0.4-3 | 643.56 | WARN | |||
r-devel-linux-x86_64-fedora-gcc | 0.4-3 | 834.87 | OK | |||
r-devel-windows-x86_64 | 0.4-3 | 83.00 | 300.00 | 383.00 | OK | |
r-patched-linux-x86_64 | 0.4-3 | 91.71 | 922.65 | 1014.36 | OK | |
r-release-linux-x86_64 | 0.4-3 | 89.89 | 902.92 | 992.81 | OK | |
r-release-macos-arm64 | 0.4-3 | 128.00 | NOTE | |||
r-release-macos-x86_64 | 0.4-3 | 153.00 | NOTE | |||
r-release-windows-x86_64 | 0.4-3 | 81.00 | 291.00 | 372.00 | OK | |
r-oldrel-macos-arm64 | 0.4-3 | 148.00 | NOTE | |||
r-oldrel-macos-x86_64 | 0.4-3 | 163.00 | NOTE | |||
r-oldrel-windows-ix86+x86_64 | 0.4-3 | 233.00 | 374.00 | 607.00 | OK |
Version: 0.4-3
Check: whether package can be installed
Result: WARN
Found the following significant warnings:
ars_demo.cpp:39:7: warning: use of bitwise '&' with boolean operands [-Wbitwise-instead-of-logical]
Flavors: r-devel-linux-x86_64-debian-clang, r-devel-linux-x86_64-fedora-clang
Version: 0.4-3
Check: installed package size
Result: NOTE
installed size is 5.8Mb
sub-directories of 1Mb or more:
doc 1.1Mb
libs 3.6Mb
Flavors: r-release-macos-arm64, r-release-macos-x86_64, r-oldrel-macos-arm64, r-oldrel-macos-x86_64