CRAN Package Check Results for Package HTSSIP

Last updated on 2022-07-02 02:53:05 CEST.

Flavor Version Tinstall Tcheck Ttotal Status Flags
r-devel-linux-x86_64-debian-clang 1.4.1 8.78 211.70 220.48 OK --no-vignettes
r-devel-linux-x86_64-debian-gcc 1.4.1 7.46 153.43 160.89 OK --no-vignettes
r-devel-linux-x86_64-fedora-clang 1.4.1 876.63 NOTE
r-devel-linux-x86_64-fedora-gcc 1.4.1 932.35 NOTE
r-devel-windows-x86_64 1.4.1 38.00 268.00 306.00 OK --no-vignettes
r-patched-linux-x86_64 1.4.1 7.81 194.23 202.04 OK --no-vignettes
r-release-linux-x86_64 1.4.1 8.08 197.97 206.05 OK --no-vignettes
r-release-macos-arm64 1.4.1 195.00 NOTE
r-release-macos-x86_64 1.4.1 397.00 NOTE
r-release-windows-x86_64 1.4.1 50.00 264.00 314.00 OK --no-vignettes
r-oldrel-macos-arm64 1.4.1 632.00 NOTE
r-oldrel-macos-x86_64 1.4.1 852.00 NOTE
r-oldrel-windows-ix86+x86_64 1.4.1 22.00 299.00 321.00 OK --no-vignettes

Check Details

Version: 1.4.1
Check: dependencies in R code
Result: NOTE
    Namespace in Imports field not imported from: ‘igraph’
     All declared Imports should be used.
Flavors: r-devel-linux-x86_64-fedora-clang, r-devel-linux-x86_64-fedora-gcc, r-release-macos-arm64, r-release-macos-x86_64, r-oldrel-macos-arm64, r-oldrel-macos-x86_64