Last updated on 2021-03-06 02:48:45 CET.
Flavor | Version | Tinstall | Tcheck | Ttotal | Status | Flags |
---|---|---|---|---|---|---|
r-devel-linux-x86_64-debian-clang | 0.8-6 | 2.59 | 54.29 | 56.88 | NOTE | |
r-devel-linux-x86_64-debian-gcc | 0.8-6 | 2.10 | 42.06 | 44.16 | NOTE | |
r-devel-linux-x86_64-fedora-clang | 0.8-6 | 75.75 | NOTE | |||
r-devel-linux-x86_64-fedora-gcc | 0.8-6 | 64.86 | NOTE | |||
r-devel-windows-ix86+x86_64 | 0.8-6 | 6.00 | 80.00 | 86.00 | OK | |
r-patched-linux-x86_64 | 0.8-6 | NOTE | ||||
r-patched-solaris-x86 | 0.8-6 | 98.00 | NOTE | |||
r-release-linux-x86_64 | 0.8-6 | 2.42 | 52.73 | 55.15 | NOTE | |
r-release-macos-x86_64 | 0.8-6 | OK | ||||
r-release-windows-ix86+x86_64 | 0.8-6 | 6.00 | 58.00 | 64.00 | OK | |
r-oldrel-macos-x86_64 | 0.8-6 | OK | ||||
r-oldrel-windows-ix86+x86_64 | 0.8-6 | 6.00 | 56.00 | 62.00 | OK |
Version: 0.8-6
Check: Rd cross-references
Result: NOTE
Unknown package 'alr3' in Rd xrefs
Flavors: r-devel-linux-x86_64-debian-clang, r-devel-linux-x86_64-debian-gcc, r-devel-linux-x86_64-fedora-gcc, r-patched-linux-x86_64, r-patched-solaris-x86, r-release-linux-x86_64
Version: 0.8-6
Check: Rd cross-references
Result: NOTE
Undeclared packages ‘Guerry’, ‘alr3’, ‘agridat’, ‘coin’ in Rd xrefs
Unknown package ‘alr3’ in Rd xrefs
Flavor: r-devel-linux-x86_64-fedora-clang