Last updated on 2023-03-21 02:56:28 CET.
Flavor | Version | Tinstall | Tcheck | Ttotal | Status | Flags |
---|---|---|---|---|---|---|
r-devel-linux-x86_64-debian-clang | 0.7.5 | OK | ||||
r-devel-linux-x86_64-debian-gcc | 0.7.5 | 14.13 | 139.07 | 153.20 | OK | |
r-devel-linux-x86_64-fedora-clang | 0.7.5 | 250.21 | NOTE | |||
r-devel-linux-x86_64-fedora-gcc | 0.7.5 | 261.35 | NOTE | |||
r-devel-windows-x86_64 | 0.7.5 | 27.00 | 253.00 | 280.00 | OK | |
r-patched-linux-x86_64 | 0.7.5 | 15.44 | 172.62 | 188.06 | OK | |
r-release-linux-x86_64 | 0.7.5 | 13.25 | 174.66 | 187.91 | OK | |
r-release-macos-arm64 | 0.7.5 | 60.00 | NOTE | |||
r-release-macos-x86_64 | 0.7.5 | 117.00 | NOTE | |||
r-release-windows-x86_64 | 0.7.5 | 63.00 | 250.00 | 313.00 | OK | |
r-oldrel-macos-arm64 | 0.7.5 | 56.00 | NOTE | |||
r-oldrel-macos-x86_64 | 0.7.5 | 82.00 | NOTE | |||
r-oldrel-windows-ix86+x86_64 | 0.7.5 | 44.00 | 245.00 | 289.00 | OK |
Version: 0.7.5
Check: dependencies in R code
Result: NOTE
Namespaces in Imports field not imported from:
‘gmodels’ ‘lmtest’ ‘testthat’ ‘tidyverse’ ‘zoo’
All declared Imports should be used.
Flavors: r-devel-linux-x86_64-fedora-clang, r-devel-linux-x86_64-fedora-gcc, r-release-macos-arm64, r-release-macos-x86_64, r-oldrel-macos-arm64, r-oldrel-macos-x86_64