CRAN Package Check Results for Package L0Learn

Last updated on 2022-07-01 02:54:20 CEST.

Flavor Version Tinstall Tcheck Ttotal Status Flags
r-devel-linux-x86_64-debian-clang 2.0.3 276.44 161.03 437.47 OK
r-devel-linux-x86_64-debian-gcc 2.0.3 211.00 174.45 385.45 OK
r-devel-linux-x86_64-fedora-clang 2.0.3 623.91 NOTE
r-devel-linux-x86_64-fedora-gcc 2.0.3 552.66 OK
r-devel-windows-x86_64 2.0.3 182.00 237.00 419.00 OK
r-patched-linux-x86_64 2.0.3 221.57 221.31 442.88 OK
r-release-linux-x86_64 2.0.3 209.93 203.38 413.31 OK
r-release-macos-arm64 2.0.3 141.00 NOTE
r-release-macos-x86_64 2.0.3 216.00 NOTE
r-release-windows-x86_64 2.0.3 176.00 232.00 408.00 OK
r-oldrel-macos-arm64 2.0.3 173.00 NOTE
r-oldrel-macos-x86_64 2.0.3 233.00 NOTE
r-oldrel-windows-ix86+x86_64 2.0.3 597.00 305.00 902.00 NOTE

Check Details

Version: 2.0.3
Check: installed package size
Result: NOTE
     installed size is 14.1Mb
     sub-directories of 1Mb or more:
     doc 2.4Mb
     libs 11.5Mb
Flavors: r-devel-linux-x86_64-fedora-clang, r-release-macos-arm64, r-release-macos-x86_64, r-oldrel-macos-arm64, r-oldrel-macos-x86_64, r-oldrel-windows-ix86+x86_64