Last updated on 2021-04-16 02:47:26 CEST.
Flavor | Version | Tinstall | Tcheck | Ttotal | Status | Flags |
---|---|---|---|---|---|---|
r-devel-linux-x86_64-debian-clang | 1.94-2 | 5.91 | 28.79 | 34.70 | OK | |
r-devel-linux-x86_64-debian-gcc | 1.94-2 | 4.40 | 23.84 | 28.24 | OK | |
r-devel-linux-x86_64-fedora-clang | 1.94-2 | 55.03 | NOTE | |||
r-devel-linux-x86_64-fedora-gcc | 1.94-2 | 46.81 | NOTE | |||
r-devel-windows-ix86+x86_64 | 1.94-2 | 15.00 | 64.00 | 79.00 | OK | |
r-devel-windows-x86_64-gcc10-UCRT | 1.94-2 | OK | ||||
r-patched-linux-x86_64 | 1.94-2 | 4.96 | 29.24 | 34.20 | OK | |
r-patched-solaris-x86 | 1.94-2 | 78.80 | OK | |||
r-release-linux-x86_64 | 1.94-2 | 5.23 | 29.14 | 34.37 | OK | |
r-release-macos-x86_64 | 1.94-2 | OK | ||||
r-release-windows-ix86+x86_64 | 1.94-2 | 15.00 | 74.00 | 89.00 | OK | |
r-oldrel-macos-x86_64 | 1.94-2 | OK | ||||
r-oldrel-windows-ix86+x86_64 | 1.94-2 | 14.00 | 48.00 | 62.00 | OK |
Version: 1.94-2
Check: Rd cross-references
Result: NOTE
Undeclared package ‘LiblineaR’ in Rd xrefs
Flavor: r-devel-linux-x86_64-fedora-clang
Version: 1.94-2
Check: compiled code
Result: NOTE
File ‘LiblineaR.ACF/libs/LiblineaR.ACF.so’:
Found no calls to: ‘R_registerRoutines’, ‘R_useDynamicSymbols’
It is good practice to register native routines and to disable symbol
search.
See ‘Writing portable packages’ in the ‘Writing R Extensions’ manual.
Flavors: r-devel-linux-x86_64-fedora-clang, r-devel-linux-x86_64-fedora-gcc