CRAN Package Check Results for Package MAINT.Data

Last updated on 2022-12-01 04:00:36 CET.

Flavor Version Tinstall Tcheck Ttotal Status Flags
r-devel-linux-x86_64-debian-clang 2.6.2 232.37 183.85 416.22 OK
r-devel-linux-x86_64-debian-gcc 2.6.2 182.66 133.27 315.93 OK
r-devel-linux-x86_64-fedora-clang 2.6.2 605.74 OK
r-devel-linux-x86_64-fedora-gcc 2.6.2 591.21 OK
r-devel-windows-x86_64 2.6.2 313.00 237.00 550.00 NOTE
r-patched-linux-x86_64 2.6.2 209.00 170.62 379.62 OK
r-release-linux-x86_64 2.6.2 212.13 168.50 380.63 OK
r-release-macos-arm64 2.6.2 122.00 NOTE
r-release-macos-x86_64 2.6.2 204.00 NOTE
r-release-windows-x86_64 2.6.2 326.00 232.00 558.00 NOTE
r-oldrel-macos-arm64 2.6.2 125.00 NOTE
r-oldrel-macos-x86_64 2.6.2 152.00 NOTE
r-oldrel-windows-ix86+x86_64 2.6.2 585.00 269.00 854.00 NOTE

Check Details

Version: 2.6.2
Check: installed package size
Result: NOTE
     installed size is 5.4Mb
     sub-directories of 1Mb or more:
     R 1.5Mb
     data 2.3Mb
     libs 1.3Mb
Flavors: r-devel-windows-x86_64, r-release-macos-arm64, r-release-macos-x86_64, r-release-windows-x86_64, r-oldrel-macos-arm64, r-oldrel-macos-x86_64, r-oldrel-windows-ix86+x86_64