CRAN Package Check Results for Package MESS

Last updated on 2021-03-05 02:49:14 CET.

Flavor Version Tinstall Tcheck Ttotal Status Flags
r-devel-linux-x86_64-debian-clang 0.5.7 248.43 132.09 380.52 OK
r-devel-linux-x86_64-debian-gcc 0.5.7 160.80 96.83 257.63 OK
r-devel-linux-x86_64-fedora-clang 0.5.7 532.96 NOTE
r-devel-linux-x86_64-fedora-gcc 0.5.7 505.76 OK
r-devel-windows-ix86+x86_64 0.5.7 571.00 252.00 823.00 NOTE
r-patched-linux-x86_64 0.5.7 OK
r-patched-solaris-x86 0.5.7 457.90 OK
r-release-linux-x86_64 0.5.7 163.71 122.75 286.46 OK
r-release-macos-x86_64 0.5.7 NOTE
r-release-windows-ix86+x86_64 0.5.7 424.00 196.00 620.00 NOTE
r-oldrel-macos-x86_64 0.5.7 NOTE
r-oldrel-windows-ix86+x86_64 0.5.7 510.00 233.00 743.00 NOTE

Check Details

Version: 0.5.7
Check: installed package size
Result: NOTE
     installed size is 10.2Mb
     sub-directories of 1Mb or more:
     data 2.8Mb
     libs 7.1Mb
Flavors: r-devel-linux-x86_64-fedora-clang, r-devel-windows-ix86+x86_64, r-release-macos-x86_64, r-release-windows-ix86+x86_64, r-oldrel-macos-x86_64, r-oldrel-windows-ix86+x86_64