CRAN Package Check Results for Package MLmetrics

Last updated on 2023-03-22 02:54:07 CET.

Flavor Version Tinstall Tcheck Ttotal Status Flags
r-devel-linux-x86_64-debian-clang 1.1.1 2.76 24.61 27.37 NOTE
r-devel-linux-x86_64-debian-gcc 1.1.1 1.97 19.49 21.46 NOTE
r-devel-linux-x86_64-fedora-clang 1.1.1 36.81 NOTE
r-devel-linux-x86_64-fedora-gcc 1.1.1 34.37 NOTE
r-devel-windows-x86_64 1.1.1 16.00 61.00 77.00 NOTE
r-patched-linux-x86_64 1.1.1 2.71 26.16 28.87 NOTE
r-release-linux-x86_64 1.1.1 2.50 25.87 28.37 NOTE
r-release-macos-arm64 1.1.1 15.00 NOTE
r-release-macos-x86_64 1.1.1 24.00 NOTE
r-release-windows-x86_64 1.1.1 19.00 55.00 74.00 NOTE
r-oldrel-macos-arm64 1.1.1 20.00 NOTE
r-oldrel-macos-x86_64 1.1.1 29.00 NOTE
r-oldrel-windows-ix86+x86_64 1.1.1 6.00 53.00 59.00 NOTE

Check Details

Version: 1.1.1
Check: LazyData
Result: NOTE
     'LazyData' is specified without a 'data' directory
Flavors: r-devel-linux-x86_64-debian-clang, r-devel-linux-x86_64-debian-gcc, r-devel-linux-x86_64-fedora-clang, r-devel-linux-x86_64-fedora-gcc, r-devel-windows-x86_64, r-patched-linux-x86_64, r-release-linux-x86_64, r-release-macos-arm64, r-release-macos-x86_64, r-release-windows-x86_64, r-oldrel-macos-arm64, r-oldrel-macos-x86_64, r-oldrel-windows-ix86+x86_64

Version: 1.1.1
Check: dependencies in R code
Result: NOTE
    Namespace in Imports field not imported from: ‘utils’
     All declared Imports should be used.
Flavors: r-devel-linux-x86_64-fedora-clang, r-devel-linux-x86_64-fedora-gcc, r-release-macos-arm64, r-release-macos-x86_64, r-oldrel-macos-arm64, r-oldrel-macos-x86_64