CRAN Package Check Results for Package MLmetrics

Last updated on 2022-11-28 01:51:39 CET.

Flavor Version Tinstall Tcheck Ttotal Status Flags
r-devel-linux-x86_64-debian-clang 1.1.1 2.77 26.74 29.51 NOTE
r-devel-linux-x86_64-debian-gcc 1.1.1 1.75 21.21 22.96 NOTE
r-devel-linux-x86_64-fedora-clang 1.1.1 47.82 NOTE
r-devel-linux-x86_64-fedora-gcc 1.1.1 47.61 NOTE
r-devel-windows-x86_64 1.1.1 25.00 61.00 86.00 NOTE
r-patched-linux-x86_64 1.1.1 1.92 26.26 28.18 NOTE
r-release-linux-x86_64 1.1.1 2.71 25.97 28.68 NOTE
r-release-macos-arm64 1.1.1 15.00 NOTE
r-release-macos-x86_64 1.1.1 24.00 NOTE
r-release-windows-x86_64 1.1.1 24.00 59.00 83.00 NOTE
r-oldrel-macos-arm64 1.1.1 20.00 NOTE
r-oldrel-macos-x86_64 1.1.1 29.00 NOTE
r-oldrel-windows-ix86+x86_64 1.1.1 8.00 53.00 61.00 NOTE

Check Details

Version: 1.1.1
Check: LazyData
Result: NOTE
     'LazyData' is specified without a 'data' directory
Flavors: r-devel-linux-x86_64-debian-clang, r-devel-linux-x86_64-debian-gcc, r-devel-linux-x86_64-fedora-clang, r-devel-linux-x86_64-fedora-gcc, r-devel-windows-x86_64, r-patched-linux-x86_64, r-release-linux-x86_64, r-release-macos-arm64, r-release-macos-x86_64, r-release-windows-x86_64, r-oldrel-macos-arm64, r-oldrel-macos-x86_64, r-oldrel-windows-ix86+x86_64

Version: 1.1.1
Check: dependencies in R code
Result: NOTE
    Namespace in Imports field not imported from: ‘utils’
     All declared Imports should be used.
Flavors: r-devel-linux-x86_64-fedora-clang, r-devel-linux-x86_64-fedora-gcc, r-release-macos-arm64, r-release-macos-x86_64, r-oldrel-macos-arm64, r-oldrel-macos-x86_64