CRAN Package Check Results for Package MM2S

Last updated on 2022-10-02 02:49:15 CEST.

Flavor Version Tinstall Tcheck Ttotal Status Flags
r-devel-linux-x86_64-debian-clang 1.0.6 45.42 477.99 523.41 NOTE
r-devel-linux-x86_64-debian-gcc 1.0.6 40.52 372.71 413.23 NOTE
r-devel-linux-x86_64-fedora-clang 1.0.6 715.93 NOTE
r-devel-linux-x86_64-fedora-gcc 1.0.6 692.80 NOTE
r-devel-windows-x86_64 1.0.6 47.00 523.00 570.00 OK
r-patched-linux-x86_64 1.0.6 46.81 473.24 520.05 NOTE
r-release-linux-x86_64 1.0.6 49.51 465.89 515.40 NOTE
r-release-macos-arm64 1.0.6 170.00 OK
r-release-macos-x86_64 1.0.6 243.00 OK
r-release-windows-x86_64 1.0.6 7.00 12.00 19.00 ERROR
r-oldrel-macos-arm64 1.0.6 245.00 OK
r-oldrel-macos-x86_64 1.0.6 376.00 OK
r-oldrel-windows-ix86+x86_64 1.0.6 96.00 489.00 585.00 OK

Check Details

Version: 1.0.6
Check: for non-standard things in the check directory
Result: NOTE
    Found the following files/directories:
     'MM2S_Predictions_Heatmap.pdf' 'MM2S_Predictions_StackedBarplot.pdf'
Flavors: r-devel-linux-x86_64-debian-clang, r-devel-linux-x86_64-debian-gcc, r-devel-linux-x86_64-fedora-clang, r-devel-linux-x86_64-fedora-gcc, r-patched-linux-x86_64, r-release-linux-x86_64

Version: 1.0.6
Check: whether package can be installed
Result: ERROR
    Installation failed.
Flavor: r-release-windows-x86_64