Last updated on 2023-03-31 03:52:35 CEST.
Flavor | Version | Tinstall | Tcheck | Ttotal | Status | Flags |
---|---|---|---|---|---|---|
r-devel-linux-x86_64-debian-clang | 1.14.1 | 67.38 | 246.77 | 314.15 | OK | |
r-devel-linux-x86_64-debian-gcc | 1.14.1 | 54.32 | 187.75 | 242.07 | OK | |
r-devel-linux-x86_64-fedora-clang | 1.14.1 | 390.15 | OK | |||
r-devel-linux-x86_64-fedora-gcc | 1.14.1 | 405.24 | OK | |||
r-devel-windows-x86_64 | 1.14.1 | 66.00 | 0.00 | 66.00 | OK | |
r-patched-linux-x86_64 | 1.14.1 | 60.33 | 230.71 | 291.04 | OK | |
r-release-linux-x86_64 | 1.14.1 | 62.73 | 231.27 | 294.00 | OK | |
r-release-macos-arm64 | 1.14.1 | 85.00 | NOTE | |||
r-release-macos-x86_64 | 1.14.1 | 108.00 | NOTE | |||
r-release-windows-x86_64 | 1.14.1 | 64.00 | 342.00 | 406.00 | OK | |
r-oldrel-macos-arm64 | 1.14.1 | 106.00 | NOTE | |||
r-oldrel-macos-x86_64 | 1.14.1 | 102.00 | NOTE | |||
r-oldrel-windows-ix86+x86_64 | 1.14.1 | 143.00 | 338.00 | 481.00 | OK |
Version: 1.14.1
Check: installed package size
Result: NOTE
installed size is 10.6Mb
sub-directories of 1Mb or more:
libs 9.4Mb
Flavors: r-release-macos-arm64, r-release-macos-x86_64, r-oldrel-macos-arm64, r-oldrel-macos-x86_64