Last updated on 2021-03-07 02:48:30 CET.
Flavor | Version | Tinstall | Tcheck | Ttotal | Status | Flags |
---|---|---|---|---|---|---|
r-devel-linux-x86_64-debian-clang | 1.5.1 | 85.40 | 562.09 | 647.49 | OK | |
r-devel-linux-x86_64-debian-gcc | 1.5.1 | 69.79 | 405.05 | 474.84 | OK | |
r-devel-linux-x86_64-fedora-clang | 1.5.1 | 777.53 | NOTE | |||
r-devel-linux-x86_64-fedora-gcc | 1.5.1 | 735.41 | NOTE | |||
r-devel-windows-ix86+x86_64 | 1.5.1 | 146.00 | 607.00 | 753.00 | OK | |
r-devel-windows-x86_64-gcc10-UCRT | 1.5.1 | NOTE | ||||
r-patched-linux-x86_64 | 1.5.1 | 78.49 | 496.19 | 574.68 | OK | |
r-patched-solaris-x86 | 1.5.1 | 894.50 | NOTE | |||
r-release-linux-x86_64 | 1.5.1 | 77.50 | 502.56 | 580.06 | OK | |
r-release-macos-x86_64 | 1.5.1 | NOTE | ||||
r-release-windows-ix86+x86_64 | 1.5.1 | 102.00 | 461.00 | 563.00 | OK | |
r-oldrel-macos-x86_64 | 1.5.1 | ERROR | ||||
r-oldrel-windows-ix86+x86_64 | 1.5.0 | 129.00 | 580.00 | 709.00 | OK |
Version: 1.5.1
Check: dependencies in R code
Result: NOTE
Namespace in Imports field not imported from: ‘knitr’
All declared Imports should be used.
Flavors: r-devel-linux-x86_64-fedora-clang, r-devel-linux-x86_64-fedora-gcc, r-devel-windows-x86_64-gcc10-UCRT, r-patched-solaris-x86, r-release-macos-x86_64
Version: 1.5.1
Check: whether package can be installed
Result: ERROR
Installation failed.
Flavor: r-oldrel-macos-x86_64