CRAN Package Check Results for Package Mapinguari

Last updated on 2020-11-25 02:49:08 CET.

Flavor Version Tinstall Tcheck Ttotal Status Flags
r-devel-linux-x86_64-debian-clang 1.0.0 6.01 41.23 47.24 OK
r-devel-linux-x86_64-debian-gcc 1.0.0 4.63 32.48 37.11 OK
r-devel-linux-x86_64-fedora-clang 1.0.0 63.12 NOTE
r-devel-linux-x86_64-fedora-gcc 1.0.0 55.33 NOTE
r-devel-windows-ix86+x86_64 1.0.0 10.00 48.00 58.00 OK
r-patched-linux-x86_64 1.0.0 5.56 40.24 45.80 OK
r-patched-solaris-x86 1.0.0 80.70 NOTE
r-release-linux-x86_64 1.0.0 6.25 41.00 47.25 OK
r-release-macos-x86_64 1.0.0 NOTE
r-release-windows-ix86+x86_64 1.0.0 12.00 68.00 80.00 OK
r-oldrel-macos-x86_64 1.0.0 NOTE
r-oldrel-windows-ix86+x86_64 1.0.0 6.00 43.00 49.00 OK

Check Details

Version: 1.0.0
Check: dependencies in R code
Result: NOTE
    Namespaces in Imports field not imported from:
     ‘dplyr’ ‘rgdal’ ‘rlang’ ‘testthat’
     All declared Imports should be used.
Flavors: r-devel-linux-x86_64-fedora-clang, r-devel-linux-x86_64-fedora-gcc, r-patched-solaris-x86, r-release-macos-x86_64, r-oldrel-macos-x86_64