CRAN Package Check Results for Package MazamaTimeSeries

Last updated on 2022-11-28 01:51:38 CET.

Flavor Version Tinstall Tcheck Ttotal Status Flags
r-devel-linux-x86_64-debian-clang 0.2.8 9.54 105.64 115.18 OK
r-devel-linux-x86_64-debian-gcc 0.2.8 7.43 79.09 86.52 OK
r-devel-linux-x86_64-fedora-clang 0.2.8 153.42 NOTE
r-devel-linux-x86_64-fedora-gcc 0.2.8 154.57 NOTE
r-devel-windows-x86_64 0.2.8 40.00 164.00 204.00 OK
r-patched-linux-x86_64 0.2.8 10.43 95.15 105.58 OK
r-release-linux-x86_64 0.2.8 10.61 94.32 104.93 OK
r-release-macos-arm64 0.2.8 48.00 NOTE
r-release-macos-x86_64 0.2.8 58.00 NOTE
r-release-windows-x86_64 0.2.8 122.00 148.00 270.00 OK
r-oldrel-macos-arm64 0.2.8 48.00 NOTE
r-oldrel-macos-x86_64 0.2.8 61.00 NOTE
r-oldrel-windows-ix86+x86_64 0.2.8 22.00 158.00 180.00 OK

Check Details

Version: 0.2.8
Check: data for non-ASCII characters
Result: NOTE
     Note: found 1 marked UTF-8 string
Flavors: r-devel-linux-x86_64-fedora-clang, r-devel-linux-x86_64-fedora-gcc, r-release-macos-arm64, r-release-macos-x86_64, r-oldrel-macos-arm64, r-oldrel-macos-x86_64